{"id":224,"date":"2019-03-21T14:18:25","date_gmt":"2019-03-21T14:18:25","guid":{"rendered":"https:\/\/lasershop.com.br\/?post_type=product&#038;p=224"},"modified":"2019-03-21T18:23:14","modified_gmt":"2019-03-21T18:23:14","slug":"hygiapulse-magnetic-kld-aparelho-de-ondas-de-choque-eletromagnetico","status":"publish","type":"product","link":"https:\/\/www.lasershop.com.br\/?product=hygiapulse-magnetic-kld-aparelho-de-ondas-de-choque-eletromagnetico","title":{"rendered":"Hygiapulse Magnetic Kld &#8211; Aparelho De Ondas De Choque Eletromagn\u00e9tico"},"content":{"rendered":"<body><p>O Hygiapulse \u00e9 um equipamento de ondas de choque eletromagn\u00e9tico, um novo recurso para atender as necessidades dos profissionais mais exigentes que buscam inovar e melhorar os resultados dos seus tratamentos est\u00e9ticos. Possui display funcional, software de f\u00e1cil programa\u00e7\u00e3o, controle de aquecimento, interface t\u00e9cnica que apresenta a possibilidade de ajuste nos par\u00e2metros e interface funcional com protocolos prontos.<\/p>\n<p>Seu aplicador possu\u00ed v\u00e1rias op\u00e7\u00f5es de transmissores, escolhidas de acordo com a indica\u00e7\u00e3o de tratamento e regi\u00e3o de aplica\u00e7\u00e3o. O acionamento dos disparos pode ser autom\u00e1tico ou manual e \u00e9 poss\u00edvel ajustar a intensidade dos disparos durante a aplica\u00e7\u00e3o.<br>\nO hygiapulse \u00e9 um recurso seguro e eficaz que possibilita uma grande diversidade de indica\u00e7\u00f5es para tratamentos de est\u00e9tica e fisioterapia.<\/p>\n<h2><span style=\"font-size: 14pt;\"><span style=\"font-size: 12pt;\"><strong>Diferen\u00e7as<\/strong><\/span><\/span><\/h2>\n<p>\u2013 Registro ANVISA: 10245230022<br>\n\u2013 Variedade de transmissores<br>\n\u2013 Exclusivo sistema de resfriamento automatico<br>\n\u2013 Pulso autom\u00e1tico de 2 a 22Hz ou de 22 a 3Hz<br>\n\u2013 Varia\u00e7\u00e3o autom\u00e1tica de pulso<br>\n\u2013 Disparo autom\u00e1tico ou manual<br>\n\u2013 Protocolos prontos<br>\n\u2013 F\u00e1cil programa\u00e7\u00e3o<br>\n\u2013 Display gr\u00e1fica de f\u00e1cil visualiza\u00e7\u00e3o<\/p>\n<p><span style=\"font-size: 12pt;\"><strong>Indica\u00e7\u00f5es<\/strong><\/span><\/p>\n<p>\u2013 Celulite<br>\n\u2013 Cricatriza\u00e7\u00e3o de pele<br>\n\u2013 Queimaduras<br>\n\u2013 Feridas<br>\n\u2013 Linfedema<br>\n\u2013 Flacidez tissular<br>\n\u2013 Cotovelo de Tenista<br>\n\u2013 Analgesia<br>\n\u2013 Desordens musculoesquel\u00e9ticas<br>\n\u2013 Tenosinovites<br>\n\u2013 Osteoartrose e Osteatrite<br>\n\u2013 Tendinopatias<br>\n\u2013 Epicondilites<br>\n\u2013 Fasceite plantar<br>\n\u2013 Subluxa\u00e7\u00e3o<br>\n\u2013 Consolida\u00e7\u00e3o \u00f3ssea<br>\n\u2013 Sindrome de dor trocanteriana<br>\n\u2013 Espor\u00e3o de calc\u00e2neo<br>\n\u2013 Fibrose<\/p>\n<p><span style=\"font-size: 14pt;\"><span style=\"font-size: 12pt;\"><strong>Acess\u00f3rios<\/strong><\/span><br>\n<\/span><\/p>\n<p>\u2013 1 aplicador<br>\n\u2013 5 transmissores<br>\n\u2013 1 suporte aplicador<br>\n\u2013 1 suporte para os transmissores<\/p>\n<\/body>","protected":false},"excerpt":{"rendered":"<p>O Hygiapulse \u00e9 um equipamento de ondas de choque eletromagn\u00e9tico, um novo recurso para atender as necessidades dos profissionais mais exigentes que buscam inovar e melhorar os resultados dos seus tratamentos est\u00e9ticos. Possui display funcional, software de f\u00e1cil programa\u00e7\u00e3o, controle de aquecimento, interface t\u00e9cnica que apresenta a possibilidade de ajuste nos par\u00e2metros e interface funcional [&hellip;]<\/p>\n","protected":false},"featured_media":225,"comment_status":"open","ping_status":"closed","template":"","meta":{"_et_pb_use_builder":"","_et_pb_old_content":"","_et_gb_content_width":""},"product_brand":[],"product_cat":[22],"product_tag":[],"class_list":{"0":"post-224","1":"product","2":"type-product","3":"status-publish","4":"has-post-thumbnail","6":"product_cat-linha-em-manutencao","8":"first","9":"instock","10":"taxable","11":"shipping-taxable","12":"purchasable","13":"product-type-simple"},"yoast_head":"<!-- This site is optimized with the Yoast SEO plugin v27.3 - https:\/\/yoast.com\/product\/yoast-seo-wordpress\/ -->\n<title>Hygiapulse Magnetic Kld - Aparelho De Ondas De Choque Eletromagn\u00e9tico - Laser Shop<\/title>\n<meta name=\"robots\" content=\"index, follow, max-snippet:-1, max-image-preview:large, max-video-preview:-1\" \/>\n<link rel=\"canonical\" href=\"https:\/\/www.lasershop.com.br\/?product=hygiapulse-magnetic-kld-aparelho-de-ondas-de-choque-eletromagnetico\" \/>\n<meta property=\"og:locale\" content=\"pt_BR\" \/>\n<meta property=\"og:type\" content=\"article\" \/>\n<meta property=\"og:title\" content=\"Hygiapulse Magnetic Kld - Aparelho De Ondas De Choque Eletromagn\u00e9tico - Laser Shop\" \/>\n<meta property=\"og:description\" content=\"O Hygiapulse \u00e9 um equipamento de ondas de choque eletromagn\u00e9tico, um novo recurso para atender as necessidades dos profissionais mais exigentes que buscam inovar e melhorar os resultados dos seus tratamentos est\u00e9ticos. Possui display funcional, software de f\u00e1cil programa\u00e7\u00e3o, controle de aquecimento, interface t\u00e9cnica que apresenta a possibilidade de ajuste nos par\u00e2metros e interface funcional [&hellip;]\" \/>\n<meta property=\"og:url\" content=\"https:\/\/www.lasershop.com.br\/?product=hygiapulse-magnetic-kld-aparelho-de-ondas-de-choque-eletromagnetico\" \/>\n<meta property=\"og:site_name\" content=\"Laser Shop\" \/>\n<meta property=\"article:publisher\" content=\"https:\/\/facebook.com\/codaxmedica\" \/>\n<meta property=\"article:modified_time\" content=\"2019-03-21T18:23:14+00:00\" \/>\n<meta property=\"og:image\" content=\"https:\/\/lasershop.com.br\/wp-content\/uploads\/2019\/03\/hygiapulsee.png\" \/>\n\t<meta property=\"og:image:width\" content=\"800\" \/>\n\t<meta property=\"og:image:height\" content=\"467\" \/>\n\t<meta property=\"og:image:type\" content=\"image\/png\" \/>\n<meta name=\"twitter:card\" content=\"summary_large_image\" \/>\n<meta name=\"twitter:label1\" content=\"Est. tempo de leitura\" \/>\n\t<meta name=\"twitter:data1\" content=\"1 minuto\" \/>\n<script type=\"application\/ld+json\" class=\"yoast-schema-graph\">{\"@context\":\"https:\\\/\\\/schema.org\",\"@graph\":[{\"@type\":\"WebPage\",\"@id\":\"https:\\\/\\\/www.lasershop.com.br\\\/?product=hygiapulse-magnetic-kld-aparelho-de-ondas-de-choque-eletromagnetico\",\"url\":\"https:\\\/\\\/www.lasershop.com.br\\\/?product=hygiapulse-magnetic-kld-aparelho-de-ondas-de-choque-eletromagnetico\",\"name\":\"Hygiapulse Magnetic Kld - Aparelho De Ondas De Choque Eletromagn\u00e9tico - Laser Shop\",\"isPartOf\":{\"@id\":\"https:\\\/\\\/www.lasershop.com.br\\\/#website\"},\"primaryImageOfPage\":{\"@id\":\"https:\\\/\\\/www.lasershop.com.br\\\/?product=hygiapulse-magnetic-kld-aparelho-de-ondas-de-choque-eletromagnetico#primaryimage\"},\"image\":{\"@id\":\"https:\\\/\\\/www.lasershop.com.br\\\/?product=hygiapulse-magnetic-kld-aparelho-de-ondas-de-choque-eletromagnetico#primaryimage\"},\"thumbnailUrl\":\"https:\\\/\\\/lasershop.com.br\\\/wp-content\\\/uploads\\\/2019\\\/03\\\/hygiapulsee.png\",\"datePublished\":\"2019-03-21T14:18:25+00:00\",\"dateModified\":\"2019-03-21T18:23:14+00:00\",\"breadcrumb\":{\"@id\":\"https:\\\/\\\/www.lasershop.com.br\\\/?product=hygiapulse-magnetic-kld-aparelho-de-ondas-de-choque-eletromagnetico#breadcrumb\"},\"inLanguage\":\"pt-BR\",\"potentialAction\":[{\"@type\":\"ReadAction\",\"target\":[\"https:\\\/\\\/www.lasershop.com.br\\\/?product=hygiapulse-magnetic-kld-aparelho-de-ondas-de-choque-eletromagnetico\"]}]},{\"@type\":\"ImageObject\",\"inLanguage\":\"pt-BR\",\"@id\":\"https:\\\/\\\/www.lasershop.com.br\\\/?product=hygiapulse-magnetic-kld-aparelho-de-ondas-de-choque-eletromagnetico#primaryimage\",\"url\":\"https:\\\/\\\/lasershop.com.br\\\/wp-content\\\/uploads\\\/2019\\\/03\\\/hygiapulsee.png\",\"contentUrl\":\"https:\\\/\\\/lasershop.com.br\\\/wp-content\\\/uploads\\\/2019\\\/03\\\/hygiapulsee.png\",\"width\":800,\"height\":467},{\"@type\":\"BreadcrumbList\",\"@id\":\"https:\\\/\\\/www.lasershop.com.br\\\/?product=hygiapulse-magnetic-kld-aparelho-de-ondas-de-choque-eletromagnetico#breadcrumb\",\"itemListElement\":[{\"@type\":\"ListItem\",\"position\":1,\"name\":\"In\u00edcio\",\"item\":\"https:\\\/\\\/www.lasershop.com.br\\\/\"},{\"@type\":\"ListItem\",\"position\":2,\"name\":\"Home\",\"item\":\"https:\\\/\\\/www.lasershop.com.br\\\/?page_id=22\"},{\"@type\":\"ListItem\",\"position\":3,\"name\":\"Hygiapulse Magnetic Kld &#8211; Aparelho De Ondas De Choque Eletromagn\u00e9tico\"}]},{\"@type\":\"WebSite\",\"@id\":\"https:\\\/\\\/www.lasershop.com.br\\\/#website\",\"url\":\"https:\\\/\\\/www.lasershop.com.br\\\/\",\"name\":\"Laser Shop\",\"description\":\"Aparelhos Eletrom\u00e9dicos pelo melhor pre\u00e7o!\",\"publisher\":{\"@id\":\"https:\\\/\\\/www.lasershop.com.br\\\/#organization\"},\"potentialAction\":[{\"@type\":\"SearchAction\",\"target\":{\"@type\":\"EntryPoint\",\"urlTemplate\":\"https:\\\/\\\/www.lasershop.com.br\\\/?s={search_term_string}\"},\"query-input\":{\"@type\":\"PropertyValueSpecification\",\"valueRequired\":true,\"valueName\":\"search_term_string\"}}],\"inLanguage\":\"pt-BR\"},{\"@type\":\"Organization\",\"@id\":\"https:\\\/\\\/www.lasershop.com.br\\\/#organization\",\"name\":\"Laser Shop\",\"url\":\"https:\\\/\\\/www.lasershop.com.br\\\/\",\"logo\":{\"@type\":\"ImageObject\",\"inLanguage\":\"pt-BR\",\"@id\":\"https:\\\/\\\/www.lasershop.com.br\\\/#\\\/schema\\\/logo\\\/image\\\/\",\"url\":\"https:\\\/\\\/lasershop.com.br\\\/wp-content\\\/uploads\\\/2025\\\/09\\\/LOGO_LASERSHOP-.png\",\"contentUrl\":\"https:\\\/\\\/lasershop.com.br\\\/wp-content\\\/uploads\\\/2025\\\/09\\\/LOGO_LASERSHOP-.png\",\"width\":612,\"height\":408,\"caption\":\"Laser Shop\"},\"image\":{\"@id\":\"https:\\\/\\\/www.lasershop.com.br\\\/#\\\/schema\\\/logo\\\/image\\\/\"},\"sameAs\":[\"https:\\\/\\\/facebook.com\\\/codaxmedica\",\"https:\\\/\\\/instagram.com\\\/codaxmedica\"]}]}<\/script>\n<!-- \/ Yoast SEO plugin. -->","yoast_head_json":{"title":"Hygiapulse Magnetic Kld - Aparelho De Ondas De Choque Eletromagn\u00e9tico - Laser Shop","robots":{"index":"index","follow":"follow","max-snippet":"max-snippet:-1","max-image-preview":"max-image-preview:large","max-video-preview":"max-video-preview:-1"},"canonical":"https:\/\/www.lasershop.com.br\/?product=hygiapulse-magnetic-kld-aparelho-de-ondas-de-choque-eletromagnetico","og_locale":"pt_BR","og_type":"article","og_title":"Hygiapulse Magnetic Kld - Aparelho De Ondas De Choque Eletromagn\u00e9tico - Laser Shop","og_description":"O Hygiapulse \u00e9 um equipamento de ondas de choque eletromagn\u00e9tico, um novo recurso para atender as necessidades dos profissionais mais exigentes que buscam inovar e melhorar os resultados dos seus tratamentos est\u00e9ticos. Possui display funcional, software de f\u00e1cil programa\u00e7\u00e3o, controle de aquecimento, interface t\u00e9cnica que apresenta a possibilidade de ajuste nos par\u00e2metros e interface funcional [&hellip;]","og_url":"https:\/\/www.lasershop.com.br\/?product=hygiapulse-magnetic-kld-aparelho-de-ondas-de-choque-eletromagnetico","og_site_name":"Laser Shop","article_publisher":"https:\/\/facebook.com\/codaxmedica","article_modified_time":"2019-03-21T18:23:14+00:00","og_image":[{"width":800,"height":467,"url":"https:\/\/lasershop.com.br\/wp-content\/uploads\/2019\/03\/hygiapulsee.png","type":"image\/png"}],"twitter_card":"summary_large_image","twitter_misc":{"Est. tempo de leitura":"1 minuto"},"schema":{"@context":"https:\/\/schema.org","@graph":[{"@type":"WebPage","@id":"https:\/\/www.lasershop.com.br\/?product=hygiapulse-magnetic-kld-aparelho-de-ondas-de-choque-eletromagnetico","url":"https:\/\/www.lasershop.com.br\/?product=hygiapulse-magnetic-kld-aparelho-de-ondas-de-choque-eletromagnetico","name":"Hygiapulse Magnetic Kld - Aparelho De Ondas De Choque Eletromagn\u00e9tico - Laser Shop","isPartOf":{"@id":"https:\/\/www.lasershop.com.br\/#website"},"primaryImageOfPage":{"@id":"https:\/\/www.lasershop.com.br\/?product=hygiapulse-magnetic-kld-aparelho-de-ondas-de-choque-eletromagnetico#primaryimage"},"image":{"@id":"https:\/\/www.lasershop.com.br\/?product=hygiapulse-magnetic-kld-aparelho-de-ondas-de-choque-eletromagnetico#primaryimage"},"thumbnailUrl":"https:\/\/lasershop.com.br\/wp-content\/uploads\/2019\/03\/hygiapulsee.png","datePublished":"2019-03-21T14:18:25+00:00","dateModified":"2019-03-21T18:23:14+00:00","breadcrumb":{"@id":"https:\/\/www.lasershop.com.br\/?product=hygiapulse-magnetic-kld-aparelho-de-ondas-de-choque-eletromagnetico#breadcrumb"},"inLanguage":"pt-BR","potentialAction":[{"@type":"ReadAction","target":["https:\/\/www.lasershop.com.br\/?product=hygiapulse-magnetic-kld-aparelho-de-ondas-de-choque-eletromagnetico"]}]},{"@type":"ImageObject","inLanguage":"pt-BR","@id":"https:\/\/www.lasershop.com.br\/?product=hygiapulse-magnetic-kld-aparelho-de-ondas-de-choque-eletromagnetico#primaryimage","url":"https:\/\/lasershop.com.br\/wp-content\/uploads\/2019\/03\/hygiapulsee.png","contentUrl":"https:\/\/lasershop.com.br\/wp-content\/uploads\/2019\/03\/hygiapulsee.png","width":800,"height":467},{"@type":"BreadcrumbList","@id":"https:\/\/www.lasershop.com.br\/?product=hygiapulse-magnetic-kld-aparelho-de-ondas-de-choque-eletromagnetico#breadcrumb","itemListElement":[{"@type":"ListItem","position":1,"name":"In\u00edcio","item":"https:\/\/www.lasershop.com.br\/"},{"@type":"ListItem","position":2,"name":"Home","item":"https:\/\/www.lasershop.com.br\/?page_id=22"},{"@type":"ListItem","position":3,"name":"Hygiapulse Magnetic Kld &#8211; Aparelho De Ondas De Choque Eletromagn\u00e9tico"}]},{"@type":"WebSite","@id":"https:\/\/www.lasershop.com.br\/#website","url":"https:\/\/www.lasershop.com.br\/","name":"Laser Shop","description":"Aparelhos Eletrom\u00e9dicos pelo melhor pre\u00e7o!","publisher":{"@id":"https:\/\/www.lasershop.com.br\/#organization"},"potentialAction":[{"@type":"SearchAction","target":{"@type":"EntryPoint","urlTemplate":"https:\/\/www.lasershop.com.br\/?s={search_term_string}"},"query-input":{"@type":"PropertyValueSpecification","valueRequired":true,"valueName":"search_term_string"}}],"inLanguage":"pt-BR"},{"@type":"Organization","@id":"https:\/\/www.lasershop.com.br\/#organization","name":"Laser Shop","url":"https:\/\/www.lasershop.com.br\/","logo":{"@type":"ImageObject","inLanguage":"pt-BR","@id":"https:\/\/www.lasershop.com.br\/#\/schema\/logo\/image\/","url":"https:\/\/lasershop.com.br\/wp-content\/uploads\/2025\/09\/LOGO_LASERSHOP-.png","contentUrl":"https:\/\/lasershop.com.br\/wp-content\/uploads\/2025\/09\/LOGO_LASERSHOP-.png","width":612,"height":408,"caption":"Laser Shop"},"image":{"@id":"https:\/\/www.lasershop.com.br\/#\/schema\/logo\/image\/"},"sameAs":["https:\/\/facebook.com\/codaxmedica","https:\/\/instagram.com\/codaxmedica"]}]}},"_links":{"self":[{"href":"https:\/\/www.lasershop.com.br\/index.php?rest_route=\/wp\/v2\/product\/224","targetHints":{"allow":["GET"]}}],"collection":[{"href":"https:\/\/www.lasershop.com.br\/index.php?rest_route=\/wp\/v2\/product"}],"about":[{"href":"https:\/\/www.lasershop.com.br\/index.php?rest_route=\/wp\/v2\/types\/product"}],"replies":[{"embeddable":true,"href":"https:\/\/www.lasershop.com.br\/index.php?rest_route=%2Fwp%2Fv2%2Fcomments&post=224"}],"wp:featuredmedia":[{"embeddable":true,"href":"https:\/\/www.lasershop.com.br\/index.php?rest_route=\/wp\/v2\/media\/225"}],"wp:attachment":[{"href":"https:\/\/www.lasershop.com.br\/index.php?rest_route=%2Fwp%2Fv2%2Fmedia&parent=224"}],"wp:term":[{"taxonomy":"product_brand","embeddable":true,"href":"https:\/\/www.lasershop.com.br\/index.php?rest_route=%2Fwp%2Fv2%2Fproduct_brand&post=224"},{"taxonomy":"product_cat","embeddable":true,"href":"https:\/\/www.lasershop.com.br\/index.php?rest_route=%2Fwp%2Fv2%2Fproduct_cat&post=224"},{"taxonomy":"product_tag","embeddable":true,"href":"https:\/\/www.lasershop.com.br\/index.php?rest_route=%2Fwp%2Fv2%2Fproduct_tag&post=224"}],"curies":[{"name":"wp","href":"https:\/\/api.w.org\/{rel}","templated":true}]}}