{"id":232,"date":"2019-03-21T14:33:12","date_gmt":"2019-03-21T14:33:12","guid":{"rendered":"https:\/\/lasershop.com.br\/?post_type=product&#038;p=232"},"modified":"2023-05-26T07:40:14","modified_gmt":"2023-05-26T07:40:14","slug":"endophasys-kld-aparelho-eletroestimulador-multicorrentes","status":"publish","type":"product","link":"https:\/\/www.lasershop.com.br\/?product=endophasys-kld-aparelho-eletroestimulador-multicorrentes","title":{"rendered":"Endophasys KLD &#8211; Aparelho Eletroestimulador Multicorrentes"},"content":{"rendered":"<body><p>O<strong> Endophasys<\/strong> \u00e9 um equipamento que revoluciona o conceito de multicorrentes. Sua moderna tecnologia garante precis\u00e3o, agilidade e resultado no atendimento. Equipado com correntes de fortalecimento muscular, anti-inflamat\u00f3rias e analg\u00e9sicas proporciona tratamentos nas mais diversas \u00e1reas da Fisioterapia. Projetado para atender as necessidades dos profissionais mais exigentes, o Endophasys est\u00e1 com novo design, novas correntes e programa\u00e7\u00f5es exclusivas.<\/p>\n<p><strong><span style=\"font-size: 12pt;\">Correntes Analg\u00e9sicas<\/span><\/strong><\/p>\n<p><\/p>\n<p>(TENS, BURST, BMAC Sensorial, Interferencial, Diadin\u00e2micas, Ultra Excitante, Galv\u00e2nica)<\/p>\n<p>As correntes el\u00e9tricas analg\u00e9sicas atuam de forma seletiva no sistema nervoso, bloqueando o mecanismo de condu\u00e7\u00e3o dos est\u00edmulos dolorosos, promovendo al\u00edvio de algias e relaxamento muscular.<\/p>\n<p><strong><span style=\"font-size: 12pt;\">Diferen\u00e7as\u00a0<\/span><\/strong><\/p>\n<p><\/p>\n<p>Novo design;<br>\n17 tipos de correntes el\u00e9tricas;<br>\nPossibilita varia\u00e7\u00f5es nas correntes totalizando at\u00e9 32 op\u00e7\u00f5es;<br>\n4 canais de sa\u00edda;<br>\nCorrentes de baixa e m\u00e9dia frequ\u00eancia;<br>\nCanetas de estimula\u00e7\u00e3o;<br>\nF\u00e1cil programa\u00e7\u00e3o;<br>\nVisor de f\u00e1cil visualiza\u00e7\u00e3o;<br>\nVersatilidade;<br>\nInterface funcional;<br>\nControle independente de intensidade.<\/p>\n<p><strong><span style=\"font-size: 12pt;\">Indica\u00e7\u00f5es<\/span><br>\n<\/strong><br>\nAnalgesia;<br>\nA\u00e7\u00e3oanti-inflamat\u00f3ria<br>\nFortalecimento muscular;<br>\nIontoforese;<\/p>\n<p><strong><span style=\"font-size: 12pt;\">Correntes Fortalecimento:<\/span><\/strong><\/p>\n<p><\/p>\n<p>(BMAC, BMAC Motora e Russa)<\/p>\n<p>Atrav\u00e9s das correntes el\u00e9tricas de estimula\u00e7\u00e3o musculoesquel\u00e9tica, \u00e9 poss\u00edvel estimular os pontos motores para aumentar a for\u00e7a e t\u00f4nus muscular favorecendo a melhora do desempenho f\u00edsico, aumentando o torque e a mem\u00f3ria cinest\u00e9sica muscular. Seu exclusivo Sistema Eutrophic garante a estimula\u00e7\u00e3o seletiva das fibras t\u00f4nicas e f\u00e1sicas. \u00c9 um importante coadjuvante na melhora do contorno corporal e facial nos tratamentos de gordura localizada e celulite.<\/p>\n<p><strong><span style=\"font-size: 12pt;\">Correntes de A\u00e7\u00e3o Anti-Inflamat\u00f3ria<\/span><\/strong><\/p>\n<p><\/p>\n<p>(Interferencial e Diadin\u00e2micas)<\/p>\n<p>A utiliza\u00e7\u00e3o de correntes el\u00e9tricas para redu\u00e7\u00e3o de edemas ocorre atrav\u00e9s da ativa\u00e7\u00e3o do metabolismo e aumento da vasodilata\u00e7\u00e3o local, alterando a concentra\u00e7\u00e3o de enzimas e mol\u00e9culas, inibindo a atividade simp\u00e1tica promovendo drenagem na \u00e1rea afetada e acelerando o processo de repara\u00e7\u00e3o tecidual e redu\u00e7\u00e3o da inflama\u00e7\u00e3o. Auxiliando na redu\u00e7\u00e3o de dor, agilidade na cicatriza\u00e7\u00e3o e melhora do metabolismo local.<\/p>\n<p><strong><span style=\"font-size: 12pt;\">Iontodorese<\/span><\/strong><\/p>\n<p><\/p>\n<p>(Galv\u00e2nica e CDB)<\/p>\n<p>A Iontoforese \u00e9 uma t\u00e9cnica utilizada para introduzir f\u00e1rmacos atrav\u00e9s da pele com correntes el\u00e9tricas polarizadas, que facilita a transfer\u00eancia de drogas via transd\u00e9rmica, auxiliando no tratamento de afec\u00e7\u00f5es agudas e cr\u00f4nicas.<\/p>\n<p><strong><span style=\"font-size: 12pt;\">Informa\u00e7\u00f5es T\u00e9cnicas<\/span><\/strong><\/p>\n<p><\/p>\n<p>Tens\u00e3o Nominal: 127 a 230 V~ +\/-10%<\/p>\n<p>Frequ\u00eancia Nominal: 50\/60 Hz<\/p>\n<p>Pot\u00eancia Nominal: 150 VA<\/p>\n<p>Corrente M\u00e1xima Nominal: 2A<\/p>\n<p>Conex\u00f5es de Sa\u00edda: 4<\/p>\n<p>Temporizador: 1 a 30 minutos<\/p>\n<p>Dimens\u00f5es: 260x350x130mm (LxPxA)<\/p>\n<p>Peso: 2,5Kg<\/p>\n<p>Formas de Ondas: Senoidais, Quadradas, Exponenciais,<\/p>\n<p>Moduladas, Corrente Alternada Bif\u00e1sica, Sim\u00e9trica\/Assim\u00e9trica\/Polarizada<\/p>\n<p>Frequ\u00eancia Portadora: 1-200, 1000, 2000, 2500, 4000, 8000Hz<\/p>\n<p>Frequ\u00eancia de Modula\u00e7\u00e3o: 1 a 200 Hz<\/p>\n<p>Classe de Seguran\u00e7a: Classe II com Parte Aplicada tipo BF<\/p>\n<p>(NBR IEC 60601-1)<\/p>\n<p>(NBR IEC 60601-2-10)<\/p>\n<p>Grau de prote\u00e7\u00e3o contra material particulado e penetra\u00e7\u00e3o<\/p>\n<p>nociva de \u00e1gua:<\/p>\n<p>IP00 (n\u00e3o protegido contra entrada de objetos s\u00f3lidos<\/p>\n<p>estranhos e \u00e1gua).<\/p>\n<\/body>","protected":false},"excerpt":{"rendered":"<p>O Endophasys \u00e9 um equipamento que revoluciona o conceito de multicorrentes. Sua moderna tecnologia garante precis\u00e3o, agilidade e resultado no atendimento. Equipado com correntes de fortalecimento muscular, anti-inflamat\u00f3rias e analg\u00e9sicas proporciona tratamentos nas mais diversas \u00e1reas da Fisioterapia. Projetado para atender as necessidades dos profissionais mais exigentes, o Endophasys est\u00e1 com novo design, novas correntes [&hellip;]<\/p>\n","protected":false},"featured_media":233,"comment_status":"open","ping_status":"closed","template":"","meta":{"_et_pb_use_builder":"","_et_pb_old_content":"","_et_gb_content_width":""},"product_brand":[],"product_cat":[22],"product_tag":[],"class_list":{"0":"post-232","1":"product","2":"type-product","3":"status-publish","4":"has-post-thumbnail","6":"product_cat-linha-em-manutencao","8":"first","9":"instock","10":"taxable","11":"shipping-taxable","12":"purchasable","13":"product-type-simple"},"yoast_head":"<!-- This site is optimized with the Yoast SEO plugin v27.3 - https:\/\/yoast.com\/product\/yoast-seo-wordpress\/ -->\n<title>Endophasys KLD - Aparelho Eletroestimulador Multicorrentes - Laser Shop<\/title>\n<meta name=\"robots\" content=\"index, follow, max-snippet:-1, max-image-preview:large, max-video-preview:-1\" \/>\n<link rel=\"canonical\" href=\"https:\/\/www.lasershop.com.br\/?product=endophasys-kld-aparelho-eletroestimulador-multicorrentes\" \/>\n<meta property=\"og:locale\" content=\"pt_BR\" \/>\n<meta property=\"og:type\" content=\"article\" \/>\n<meta property=\"og:title\" content=\"Endophasys KLD - Aparelho Eletroestimulador Multicorrentes - Laser Shop\" \/>\n<meta property=\"og:description\" content=\"O Endophasys \u00e9 um equipamento que revoluciona o conceito de multicorrentes. Sua moderna tecnologia garante precis\u00e3o, agilidade e resultado no atendimento. Equipado com correntes de fortalecimento muscular, anti-inflamat\u00f3rias e analg\u00e9sicas proporciona tratamentos nas mais diversas \u00e1reas da Fisioterapia. Projetado para atender as necessidades dos profissionais mais exigentes, o Endophasys est\u00e1 com novo design, novas correntes [&hellip;]\" \/>\n<meta property=\"og:url\" content=\"https:\/\/www.lasershop.com.br\/?product=endophasys-kld-aparelho-eletroestimulador-multicorrentes\" \/>\n<meta property=\"og:site_name\" content=\"Laser Shop\" \/>\n<meta property=\"article:publisher\" content=\"https:\/\/facebook.com\/codaxmedica\" \/>\n<meta property=\"article:modified_time\" content=\"2023-05-26T07:40:14+00:00\" \/>\n<meta property=\"og:image\" content=\"https:\/\/lasershop.com.br\/wp-content\/uploads\/2019\/03\/Endophasys.png\" \/>\n\t<meta property=\"og:image:width\" content=\"380\" \/>\n\t<meta property=\"og:image:height\" content=\"301\" \/>\n\t<meta property=\"og:image:type\" content=\"image\/png\" \/>\n<meta name=\"twitter:card\" content=\"summary_large_image\" \/>\n<meta name=\"twitter:label1\" content=\"Est. tempo de leitura\" \/>\n\t<meta name=\"twitter:data1\" content=\"2 minutos\" \/>\n<script type=\"application\/ld+json\" class=\"yoast-schema-graph\">{\"@context\":\"https:\\\/\\\/schema.org\",\"@graph\":[{\"@type\":\"WebPage\",\"@id\":\"https:\\\/\\\/www.lasershop.com.br\\\/?product=endophasys-kld-aparelho-eletroestimulador-multicorrentes\",\"url\":\"https:\\\/\\\/www.lasershop.com.br\\\/?product=endophasys-kld-aparelho-eletroestimulador-multicorrentes\",\"name\":\"Endophasys KLD - Aparelho Eletroestimulador Multicorrentes - Laser Shop\",\"isPartOf\":{\"@id\":\"https:\\\/\\\/www.lasershop.com.br\\\/#website\"},\"primaryImageOfPage\":{\"@id\":\"https:\\\/\\\/www.lasershop.com.br\\\/?product=endophasys-kld-aparelho-eletroestimulador-multicorrentes#primaryimage\"},\"image\":{\"@id\":\"https:\\\/\\\/www.lasershop.com.br\\\/?product=endophasys-kld-aparelho-eletroestimulador-multicorrentes#primaryimage\"},\"thumbnailUrl\":\"https:\\\/\\\/lasershop.com.br\\\/wp-content\\\/uploads\\\/2019\\\/03\\\/Endophasys.png\",\"datePublished\":\"2019-03-21T14:33:12+00:00\",\"dateModified\":\"2023-05-26T07:40:14+00:00\",\"breadcrumb\":{\"@id\":\"https:\\\/\\\/www.lasershop.com.br\\\/?product=endophasys-kld-aparelho-eletroestimulador-multicorrentes#breadcrumb\"},\"inLanguage\":\"pt-BR\",\"potentialAction\":[{\"@type\":\"ReadAction\",\"target\":[\"https:\\\/\\\/www.lasershop.com.br\\\/?product=endophasys-kld-aparelho-eletroestimulador-multicorrentes\"]}]},{\"@type\":\"ImageObject\",\"inLanguage\":\"pt-BR\",\"@id\":\"https:\\\/\\\/www.lasershop.com.br\\\/?product=endophasys-kld-aparelho-eletroestimulador-multicorrentes#primaryimage\",\"url\":\"https:\\\/\\\/lasershop.com.br\\\/wp-content\\\/uploads\\\/2019\\\/03\\\/Endophasys.png\",\"contentUrl\":\"https:\\\/\\\/lasershop.com.br\\\/wp-content\\\/uploads\\\/2019\\\/03\\\/Endophasys.png\",\"width\":380,\"height\":301},{\"@type\":\"BreadcrumbList\",\"@id\":\"https:\\\/\\\/www.lasershop.com.br\\\/?product=endophasys-kld-aparelho-eletroestimulador-multicorrentes#breadcrumb\",\"itemListElement\":[{\"@type\":\"ListItem\",\"position\":1,\"name\":\"In\u00edcio\",\"item\":\"https:\\\/\\\/www.lasershop.com.br\\\/\"},{\"@type\":\"ListItem\",\"position\":2,\"name\":\"Home\",\"item\":\"https:\\\/\\\/www.lasershop.com.br\\\/?page_id=22\"},{\"@type\":\"ListItem\",\"position\":3,\"name\":\"Endophasys KLD &#8211; Aparelho Eletroestimulador Multicorrentes\"}]},{\"@type\":\"WebSite\",\"@id\":\"https:\\\/\\\/www.lasershop.com.br\\\/#website\",\"url\":\"https:\\\/\\\/www.lasershop.com.br\\\/\",\"name\":\"Laser Shop\",\"description\":\"Aparelhos Eletrom\u00e9dicos pelo melhor pre\u00e7o!\",\"publisher\":{\"@id\":\"https:\\\/\\\/www.lasershop.com.br\\\/#organization\"},\"potentialAction\":[{\"@type\":\"SearchAction\",\"target\":{\"@type\":\"EntryPoint\",\"urlTemplate\":\"https:\\\/\\\/www.lasershop.com.br\\\/?s={search_term_string}\"},\"query-input\":{\"@type\":\"PropertyValueSpecification\",\"valueRequired\":true,\"valueName\":\"search_term_string\"}}],\"inLanguage\":\"pt-BR\"},{\"@type\":\"Organization\",\"@id\":\"https:\\\/\\\/www.lasershop.com.br\\\/#organization\",\"name\":\"Laser Shop\",\"url\":\"https:\\\/\\\/www.lasershop.com.br\\\/\",\"logo\":{\"@type\":\"ImageObject\",\"inLanguage\":\"pt-BR\",\"@id\":\"https:\\\/\\\/www.lasershop.com.br\\\/#\\\/schema\\\/logo\\\/image\\\/\",\"url\":\"https:\\\/\\\/lasershop.com.br\\\/wp-content\\\/uploads\\\/2025\\\/09\\\/LOGO_LASERSHOP-.png\",\"contentUrl\":\"https:\\\/\\\/lasershop.com.br\\\/wp-content\\\/uploads\\\/2025\\\/09\\\/LOGO_LASERSHOP-.png\",\"width\":612,\"height\":408,\"caption\":\"Laser Shop\"},\"image\":{\"@id\":\"https:\\\/\\\/www.lasershop.com.br\\\/#\\\/schema\\\/logo\\\/image\\\/\"},\"sameAs\":[\"https:\\\/\\\/facebook.com\\\/codaxmedica\",\"https:\\\/\\\/instagram.com\\\/codaxmedica\"]}]}<\/script>\n<!-- \/ Yoast SEO plugin. -->","yoast_head_json":{"title":"Endophasys KLD - Aparelho Eletroestimulador Multicorrentes - Laser Shop","robots":{"index":"index","follow":"follow","max-snippet":"max-snippet:-1","max-image-preview":"max-image-preview:large","max-video-preview":"max-video-preview:-1"},"canonical":"https:\/\/www.lasershop.com.br\/?product=endophasys-kld-aparelho-eletroestimulador-multicorrentes","og_locale":"pt_BR","og_type":"article","og_title":"Endophasys KLD - Aparelho Eletroestimulador Multicorrentes - Laser Shop","og_description":"O Endophasys \u00e9 um equipamento que revoluciona o conceito de multicorrentes. Sua moderna tecnologia garante precis\u00e3o, agilidade e resultado no atendimento. Equipado com correntes de fortalecimento muscular, anti-inflamat\u00f3rias e analg\u00e9sicas proporciona tratamentos nas mais diversas \u00e1reas da Fisioterapia. Projetado para atender as necessidades dos profissionais mais exigentes, o Endophasys est\u00e1 com novo design, novas correntes [&hellip;]","og_url":"https:\/\/www.lasershop.com.br\/?product=endophasys-kld-aparelho-eletroestimulador-multicorrentes","og_site_name":"Laser Shop","article_publisher":"https:\/\/facebook.com\/codaxmedica","article_modified_time":"2023-05-26T07:40:14+00:00","og_image":[{"width":380,"height":301,"url":"https:\/\/lasershop.com.br\/wp-content\/uploads\/2019\/03\/Endophasys.png","type":"image\/png"}],"twitter_card":"summary_large_image","twitter_misc":{"Est. tempo de leitura":"2 minutos"},"schema":{"@context":"https:\/\/schema.org","@graph":[{"@type":"WebPage","@id":"https:\/\/www.lasershop.com.br\/?product=endophasys-kld-aparelho-eletroestimulador-multicorrentes","url":"https:\/\/www.lasershop.com.br\/?product=endophasys-kld-aparelho-eletroestimulador-multicorrentes","name":"Endophasys KLD - Aparelho Eletroestimulador Multicorrentes - Laser Shop","isPartOf":{"@id":"https:\/\/www.lasershop.com.br\/#website"},"primaryImageOfPage":{"@id":"https:\/\/www.lasershop.com.br\/?product=endophasys-kld-aparelho-eletroestimulador-multicorrentes#primaryimage"},"image":{"@id":"https:\/\/www.lasershop.com.br\/?product=endophasys-kld-aparelho-eletroestimulador-multicorrentes#primaryimage"},"thumbnailUrl":"https:\/\/lasershop.com.br\/wp-content\/uploads\/2019\/03\/Endophasys.png","datePublished":"2019-03-21T14:33:12+00:00","dateModified":"2023-05-26T07:40:14+00:00","breadcrumb":{"@id":"https:\/\/www.lasershop.com.br\/?product=endophasys-kld-aparelho-eletroestimulador-multicorrentes#breadcrumb"},"inLanguage":"pt-BR","potentialAction":[{"@type":"ReadAction","target":["https:\/\/www.lasershop.com.br\/?product=endophasys-kld-aparelho-eletroestimulador-multicorrentes"]}]},{"@type":"ImageObject","inLanguage":"pt-BR","@id":"https:\/\/www.lasershop.com.br\/?product=endophasys-kld-aparelho-eletroestimulador-multicorrentes#primaryimage","url":"https:\/\/lasershop.com.br\/wp-content\/uploads\/2019\/03\/Endophasys.png","contentUrl":"https:\/\/lasershop.com.br\/wp-content\/uploads\/2019\/03\/Endophasys.png","width":380,"height":301},{"@type":"BreadcrumbList","@id":"https:\/\/www.lasershop.com.br\/?product=endophasys-kld-aparelho-eletroestimulador-multicorrentes#breadcrumb","itemListElement":[{"@type":"ListItem","position":1,"name":"In\u00edcio","item":"https:\/\/www.lasershop.com.br\/"},{"@type":"ListItem","position":2,"name":"Home","item":"https:\/\/www.lasershop.com.br\/?page_id=22"},{"@type":"ListItem","position":3,"name":"Endophasys KLD &#8211; Aparelho Eletroestimulador Multicorrentes"}]},{"@type":"WebSite","@id":"https:\/\/www.lasershop.com.br\/#website","url":"https:\/\/www.lasershop.com.br\/","name":"Laser Shop","description":"Aparelhos Eletrom\u00e9dicos pelo melhor pre\u00e7o!","publisher":{"@id":"https:\/\/www.lasershop.com.br\/#organization"},"potentialAction":[{"@type":"SearchAction","target":{"@type":"EntryPoint","urlTemplate":"https:\/\/www.lasershop.com.br\/?s={search_term_string}"},"query-input":{"@type":"PropertyValueSpecification","valueRequired":true,"valueName":"search_term_string"}}],"inLanguage":"pt-BR"},{"@type":"Organization","@id":"https:\/\/www.lasershop.com.br\/#organization","name":"Laser Shop","url":"https:\/\/www.lasershop.com.br\/","logo":{"@type":"ImageObject","inLanguage":"pt-BR","@id":"https:\/\/www.lasershop.com.br\/#\/schema\/logo\/image\/","url":"https:\/\/lasershop.com.br\/wp-content\/uploads\/2025\/09\/LOGO_LASERSHOP-.png","contentUrl":"https:\/\/lasershop.com.br\/wp-content\/uploads\/2025\/09\/LOGO_LASERSHOP-.png","width":612,"height":408,"caption":"Laser Shop"},"image":{"@id":"https:\/\/www.lasershop.com.br\/#\/schema\/logo\/image\/"},"sameAs":["https:\/\/facebook.com\/codaxmedica","https:\/\/instagram.com\/codaxmedica"]}]}},"_links":{"self":[{"href":"https:\/\/www.lasershop.com.br\/index.php?rest_route=\/wp\/v2\/product\/232","targetHints":{"allow":["GET"]}}],"collection":[{"href":"https:\/\/www.lasershop.com.br\/index.php?rest_route=\/wp\/v2\/product"}],"about":[{"href":"https:\/\/www.lasershop.com.br\/index.php?rest_route=\/wp\/v2\/types\/product"}],"replies":[{"embeddable":true,"href":"https:\/\/www.lasershop.com.br\/index.php?rest_route=%2Fwp%2Fv2%2Fcomments&post=232"}],"wp:featuredmedia":[{"embeddable":true,"href":"https:\/\/www.lasershop.com.br\/index.php?rest_route=\/wp\/v2\/media\/233"}],"wp:attachment":[{"href":"https:\/\/www.lasershop.com.br\/index.php?rest_route=%2Fwp%2Fv2%2Fmedia&parent=232"}],"wp:term":[{"taxonomy":"product_brand","embeddable":true,"href":"https:\/\/www.lasershop.com.br\/index.php?rest_route=%2Fwp%2Fv2%2Fproduct_brand&post=232"},{"taxonomy":"product_cat","embeddable":true,"href":"https:\/\/www.lasershop.com.br\/index.php?rest_route=%2Fwp%2Fv2%2Fproduct_cat&post=232"},{"taxonomy":"product_tag","embeddable":true,"href":"https:\/\/www.lasershop.com.br\/index.php?rest_route=%2Fwp%2Fv2%2Fproduct_tag&post=232"}],"curies":[{"name":"wp","href":"https:\/\/api.w.org\/{rel}","templated":true}]}}