{"id":271,"date":"2019-03-21T19:11:00","date_gmt":"2019-03-21T19:11:00","guid":{"rendered":"https:\/\/lasershop.com.br\/?post_type=product&#038;p=271"},"modified":"2026-01-25T09:12:33","modified_gmt":"2026-01-25T09:12:33","slug":"spirom3","status":"publish","type":"product","link":"https:\/\/www.lasershop.com.br\/?product=spirom3","title":{"rendered":"SPIROM3"},"content":{"rendered":"<body><p><\/p><strong><span style=\"font-size: 12pt\">Espir\u00f4metro<\/span> <span style=\"font-size: 12pt\">Volum\u00e9trico com Software Incluso<\/span><\/strong>\n<p>Fa\u00e7a seus procedimentos com a efici\u00eancia do SPIROM3 e automatize todo o exame de Espirometria com o Spiromatic Web<\/p>\n<p><span style=\"font-size: 12pt\">Espir\u00f4metro<\/span> <span style=\"font-size: 12pt\">Volum\u00e9trico \u2013 Spirom3<\/span><br>\n<img decoding=\"async\" src=\"..\/..\/Assets\/Descricoes\/spirom33.png\" alt=\"\" width=\"123\" height=\"76\" loading=\"lazy\"><br>\nEspir\u00f4metro Volum\u00e9trico<\/p>\n<p>Consagradamente o mais preciso para curvas Volume-tempo e Fluxo-Volume.<\/p>\n<p><strong>Capacidade de 8 litros BTPS.<\/strong><\/p>\n<p>Conforme recomenda\u00e7\u00e3o preferencial da ATS.<\/p>\n<p><strong>Calibra\u00e7\u00e3o<\/strong><\/p>\n<p>Possui r\u00e9gua de calibra\u00e7\u00e3o exclusiva e dispensa uso de seringa<\/p>\n<p><strong>Corre\u00e7\u00e3o BTPS<\/strong><\/p>\n<p>Term\u00f4metro fornecido para leitura da temperatura do ambiente e posterior configura\u00e7\u00e3o no software,<br>\npermitindo o ajuste autom\u00e1tico para BTPS dos volumes e fluxos<\/p>\n<p><strong>Eixo do \u00eambolo Central.<\/strong><\/p>\n<p>Sem atrito lateral, reduzindo a resist\u00eancia ao fluxo.<\/p>\n<p><strong>Encaixe da mangueira<\/strong><\/p>\n<p>Frontal no aparelho, disponibiliza a melhor posi\u00e7\u00e3o relativa entre paciente, operador e equipamento.<\/p>\n<p><strong>Peso 3,0 Kg<\/strong><\/p>\n<p>Espir\u00f4metro volum\u00e9trico de menor peso<\/p>\n<p><strong>V\u00e1lvula de al\u00edvio<\/strong><\/p>\n<p>Em caso de sobre-press\u00e3o, libera a umidade para fora do gabinete e n\u00e3o para dentro.<\/p>\n<p><strong>Acess\u00f3rios inclusos<\/strong><\/p>\n<p><a href=\"http:\/\/codax.myciashop.com.br\/d\/29\/suprimentos\" target=\"_blank\" rel=\"noopener noreferrer\">Bocais<\/a>, <a href=\"http:\/\/codax.myciashop.com.br\/p\/19\/mangueira-para-spirom-3\" target=\"_blank\" rel=\"noopener noreferrer\">traqu\u00e9ia<\/a>, <a href=\"http:\/\/codax.myciashop.com.br\/p\/6\/termometro-preciso-com-base-de-madeira\" target=\"_blank\" rel=\"noopener noreferrer\">term\u00f4metro<\/a>, <a href=\"http:\/\/codax.myciashop.com.br\/p\/6\/termometro-preciso-com-base-de-madeira\" target=\"_blank\" rel=\"noopener noreferrer\">r\u00e9gua de calibra\u00e7\u00e3o<\/a> e manual de instru\u00e7\u00f5es.<\/p>\n<p>O SPIROM3 est\u00e1 em processo final de certifica\u00e7\u00e3o na ANVISA. Antecipe seu lan\u00e7amento e fa\u00e7a seus exames de forma precisa.<\/p>\n<p><strong><span style=\"font-size: 12pt\">Software \u2013 Spiromatic Web<\/span><\/strong><\/p>\n<p><img decoding=\"async\" src=\"..\/..\/Assets\/Descricoes\/spiromat.png\" alt=\"\" width=\"142\" height=\"82\" loading=\"lazy\"><br>\nCom mais de 25 anos no mercado, o SpiromaticWeb \u00e9 um software que automatiza todo o exame de Espirometria, em conformidade com as normas da Associa\u00e7\u00e3o Brasileira de Pneumologia e padr\u00f5es mundiais. Conhe\u00e7a os principais recursos do software:<\/p>\n<p><strong>Cadastro de pacientes e exames<\/strong><\/p>\n<p>Testes automatizados de:<br>\n\u2013 Capacidade Vital (CV)<br>\n\u2013 Capacidade Vital For\u00e7ada (CVF)<br>\n\u2013 Ventila\u00e7\u00e3o Volunt\u00e1ria M\u00e1xima (VVM)<br>\n\u2013 Al\u00e7a Inspirat\u00f3ria (CVFI)<\/p>\n<p><strong>C\u00e1lculo de Par\u00e2metros<\/strong><\/p>\n<p>-CV, CVF, TCVF, VEF1, VEF3, FEF, TEF, FEFmax, FEF50%, FEF75%, FIF50%, FEF\/FIF, VVM<\/p>\n<p><strong>Sele\u00e7\u00e3o flex\u00edvel de valores te\u00f3ricos de diversos autores<\/strong><\/p>\n<p>(Knudson, Pereira, Crapo, Polgar, Mallozi, Neder, Plotkowski, Zapletal e P\u00e9rez)<\/p>\n<p><strong>Outros Recursos<\/strong><\/p>\n<p>Superposi\u00e7\u00e3o de curvas de Pr\u00e9-BD e P\u00f3s-BD<\/p>\n<p>Relat\u00f3rios configur\u00e1veis<\/p>\n<p>Est\u00edmulo gr\u00e1fico para crian\u00e7as<\/p>\n<p>Compara\u00e7\u00e3o de exames<\/p>\n<p><span style=\"font-size: 10pt\"><strong>Licen\u00e7a vital\u00edcia do software inclusa<\/strong><\/span><\/p>\n<p>\u00a0<\/p>\n<\/body>","protected":false},"excerpt":{"rendered":"<p>Espir\u00f4metro Volum\u00e9trico com Software Incluso Fa\u00e7a seus procedimentos com a efici\u00eancia do SPIROM3 e automatize todo o exame de Espirometria com o Spiromatic Web Espir\u00f4metro Volum\u00e9trico &#8211; Spirom3 Espir\u00f4metro Volum\u00e9trico Consagradamente o mais preciso para curvas Volume-tempo e Fluxo-Volume. Capacidade de 8 litros BTPS. Conforme recomenda\u00e7\u00e3o preferencial da ATS. Calibra\u00e7\u00e3o Possui r\u00e9gua de calibra\u00e7\u00e3o exclusiva [&hellip;]<\/p>\n","protected":false},"featured_media":273,"comment_status":"open","ping_status":"closed","template":"","meta":{"_et_pb_use_builder":"on","_et_pb_old_content":"<strong><span style=\"font-size: 12pt\">Espir\u00f4metro<\/span> <span style=\"font-size: 12pt\">Volum\u00e9trico com Software Incluso<\/span><\/strong>\r\n\r\nFa\u00e7a seus procedimentos com a efici\u00eancia do SPIROM3 e automatize todo o exame de Espirometria com o Spiromatic Web\r\n\r\n<span style=\"font-size: 12pt\">Espir\u00f4metro<\/span> <span style=\"font-size: 12pt\">Volum\u00e9trico - Spirom3<\/span>\r\n<img src=\"..\/..\/Assets\/Descricoes\/spirom33.png\" alt=\"\" width=\"123\" height=\"76\" \/>\r\nEspir\u00f4metro Volum\u00e9trico\r\n\r\nConsagradamente o mais preciso para curvas Volume-tempo e Fluxo-Volume.\r\n\r\n<strong>Capacidade de 8 litros BTPS.<\/strong>\r\n\r\nConforme recomenda\u00e7\u00e3o preferencial da ATS.\r\n\r\n<strong>Calibra\u00e7\u00e3o<\/strong>\r\n\r\nPossui r\u00e9gua de calibra\u00e7\u00e3o exclusiva e dispensa uso de seringa\r\n\r\n<strong>Corre\u00e7\u00e3o BTPS<\/strong>\r\n\r\nTerm\u00f4metro fornecido para leitura da temperatura do ambiente e posterior configura\u00e7\u00e3o no software,\r\npermitindo o ajuste autom\u00e1tico para BTPS dos volumes e fluxos\r\n\r\n<strong>Eixo do \u00eambolo Central.<\/strong>\r\n\r\nSem atrito lateral, reduzindo a resist\u00eancia ao fluxo.\r\n\r\n<strong>Encaixe da mangueira<\/strong>\r\n\r\nFrontal no aparelho, disponibiliza a melhor posi\u00e7\u00e3o relativa entre paciente, operador e equipamento.\r\n\r\n<strong>Peso 3,0 Kg<\/strong>\r\n\r\nEspir\u00f4metro volum\u00e9trico de menor peso\r\n\r\n<strong>V\u00e1lvula de al\u00edvio<\/strong>\r\n\r\nEm caso de sobre-press\u00e3o, libera a umidade para fora do gabinete e n\u00e3o para dentro.\r\n\r\n<strong>Acess\u00f3rios inclusos<\/strong>\r\n\r\n<a href=\"http:\/\/codax.myciashop.com.br\/d\/29\/suprimentos\" target=\"_blank\" rel=\"noopener noreferrer\">Bocais<\/a>, <a href=\"http:\/\/codax.myciashop.com.br\/p\/19\/mangueira-para-spirom-3\" target=\"_blank\" rel=\"noopener noreferrer\">traqu\u00e9ia<\/a>, <a href=\"http:\/\/codax.myciashop.com.br\/p\/6\/termometro-preciso-com-base-de-madeira\" target=\"_blank\" rel=\"noopener noreferrer\">term\u00f4metro<\/a>, <a href=\"http:\/\/codax.myciashop.com.br\/p\/6\/termometro-preciso-com-base-de-madeira\" target=\"_blank\" rel=\"noopener noreferrer\">r\u00e9gua de calibra\u00e7\u00e3o<\/a> e manual de instru\u00e7\u00f5es.\r\n\r\nO SPIROM3 est\u00e1 em processo final de certifica\u00e7\u00e3o na ANVISA. Antecipe seu lan\u00e7amento e fa\u00e7a seus exames de forma precisa.\r\n\r\n<strong><span style=\"font-size: 12pt\">Software - Spiromatic Web<\/span><\/strong>\r\n\r\n<img src=\"..\/..\/Assets\/Descricoes\/spiromat.png\" alt=\"\" width=\"142\" height=\"82\" \/>\r\nCom mais de 25 anos no mercado, o SpiromaticWeb \u00e9 um software que automatiza todo o exame de Espirometria, em conformidade com as normas da Associa\u00e7\u00e3o Brasileira de Pneumologia e padr\u00f5es mundiais. Conhe\u00e7a os principais recursos do software:\r\n\r\n<strong>Cadastro de pacientes e exames<\/strong>\r\n\r\nTestes automatizados de:\r\n- Capacidade Vital (CV)\r\n- Capacidade Vital For\u00e7ada (CVF)\r\n- Ventila\u00e7\u00e3o Volunt\u00e1ria M\u00e1xima (VVM)\r\n- Al\u00e7a Inspirat\u00f3ria (CVFI)\r\n\r\n<strong>C\u00e1lculo de Par\u00e2metros<\/strong>\r\n\r\n-CV, CVF, TCVF, VEF1, VEF3, FEF, TEF, FEFmax, FEF50%, FEF75%, FIF50%, FEF\/FIF, VVM\r\n\r\n<strong>Sele\u00e7\u00e3o flex\u00edvel de valores te\u00f3ricos de diversos autores<\/strong>\r\n\r\n(Knudson, Pereira, Crapo, Polgar, Mallozi, Neder, Plotkowski, Zapletal e P\u00e9rez)\r\n\r\n<strong>Outros Recursos<\/strong>\r\n\r\nSuperposi\u00e7\u00e3o de curvas de Pr\u00e9-BD e P\u00f3s-BD\r\n\r\nRelat\u00f3rios configur\u00e1veis\r\n\r\nEst\u00edmulo gr\u00e1fico para crian\u00e7as\r\n\r\nCompara\u00e7\u00e3o de exames\r\n\r\n<span style=\"font-size: 10pt\"><strong>Licen\u00e7a vital\u00edcia do software inclusa<\/strong><\/span>\r\n\r\n&nbsp;","_et_gb_content_width":""},"product_brand":[],"product_cat":[23],"product_tag":[],"class_list":{"0":"post-271","1":"product","2":"type-product","3":"status-publish","4":"has-post-thumbnail","6":"product_cat-espirometria","8":"first","9":"instock","10":"shipping-taxable","11":"purchasable","12":"product-type-simple"},"yoast_head":"<!-- This site is optimized with the Yoast SEO plugin v27.3 - https:\/\/yoast.com\/product\/yoast-seo-wordpress\/ -->\n<title>SPIROM3 - Laser Shop<\/title>\n<meta name=\"robots\" content=\"index, follow, max-snippet:-1, max-image-preview:large, max-video-preview:-1\" \/>\n<link rel=\"canonical\" href=\"https:\/\/www.lasershop.com.br\/?product=spirom3\" \/>\n<meta property=\"og:locale\" content=\"pt_BR\" \/>\n<meta property=\"og:type\" content=\"article\" \/>\n<meta property=\"og:title\" content=\"SPIROM3 - Laser Shop\" \/>\n<meta property=\"og:description\" content=\"Espir\u00f4metro Volum\u00e9trico com Software Incluso Fa\u00e7a seus procedimentos com a efici\u00eancia do SPIROM3 e automatize todo o exame de Espirometria com o Spiromatic Web Espir\u00f4metro Volum\u00e9trico - Spirom3 Espir\u00f4metro Volum\u00e9trico Consagradamente o mais preciso para curvas Volume-tempo e Fluxo-Volume. Capacidade de 8 litros BTPS. Conforme recomenda\u00e7\u00e3o preferencial da ATS. Calibra\u00e7\u00e3o Possui r\u00e9gua de calibra\u00e7\u00e3o exclusiva [&hellip;]\" \/>\n<meta property=\"og:url\" content=\"https:\/\/www.lasershop.com.br\/?product=spirom3\" \/>\n<meta property=\"og:site_name\" content=\"Laser Shop\" \/>\n<meta property=\"article:publisher\" content=\"https:\/\/facebook.com\/codaxmedica\" \/>\n<meta property=\"article:modified_time\" content=\"2026-01-25T09:12:33+00:00\" \/>\n<meta property=\"og:image\" content=\"https:\/\/lasershop.com.br\/wp-content\/uploads\/2019\/03\/spirom3.png\" \/>\n\t<meta property=\"og:image:width\" content=\"900\" \/>\n\t<meta property=\"og:image:height\" content=\"900\" \/>\n\t<meta property=\"og:image:type\" content=\"image\/png\" \/>\n<meta name=\"twitter:card\" content=\"summary_large_image\" \/>\n<meta name=\"twitter:label1\" content=\"Est. tempo de leitura\" \/>\n\t<meta name=\"twitter:data1\" content=\"2 minutos\" \/>\n<script type=\"application\/ld+json\" class=\"yoast-schema-graph\">{\"@context\":\"https:\\\/\\\/schema.org\",\"@graph\":[{\"@type\":\"WebPage\",\"@id\":\"https:\\\/\\\/www.lasershop.com.br\\\/?product=spirom3\",\"url\":\"https:\\\/\\\/www.lasershop.com.br\\\/?product=spirom3\",\"name\":\"SPIROM3 - Laser Shop\",\"isPartOf\":{\"@id\":\"https:\\\/\\\/www.lasershop.com.br\\\/#website\"},\"primaryImageOfPage\":{\"@id\":\"https:\\\/\\\/www.lasershop.com.br\\\/?product=spirom3#primaryimage\"},\"image\":{\"@id\":\"https:\\\/\\\/www.lasershop.com.br\\\/?product=spirom3#primaryimage\"},\"thumbnailUrl\":\"https:\\\/\\\/lasershop.com.br\\\/wp-content\\\/uploads\\\/2019\\\/03\\\/spirom3.png\",\"datePublished\":\"2019-03-21T19:11:00+00:00\",\"dateModified\":\"2026-01-25T09:12:33+00:00\",\"breadcrumb\":{\"@id\":\"https:\\\/\\\/www.lasershop.com.br\\\/?product=spirom3#breadcrumb\"},\"inLanguage\":\"pt-BR\",\"potentialAction\":[{\"@type\":\"ReadAction\",\"target\":[\"https:\\\/\\\/www.lasershop.com.br\\\/?product=spirom3\"]}]},{\"@type\":\"ImageObject\",\"inLanguage\":\"pt-BR\",\"@id\":\"https:\\\/\\\/www.lasershop.com.br\\\/?product=spirom3#primaryimage\",\"url\":\"https:\\\/\\\/lasershop.com.br\\\/wp-content\\\/uploads\\\/2019\\\/03\\\/spirom3.png\",\"contentUrl\":\"https:\\\/\\\/lasershop.com.br\\\/wp-content\\\/uploads\\\/2019\\\/03\\\/spirom3.png\",\"width\":900,\"height\":900},{\"@type\":\"BreadcrumbList\",\"@id\":\"https:\\\/\\\/www.lasershop.com.br\\\/?product=spirom3#breadcrumb\",\"itemListElement\":[{\"@type\":\"ListItem\",\"position\":1,\"name\":\"In\u00edcio\",\"item\":\"https:\\\/\\\/www.lasershop.com.br\\\/\"},{\"@type\":\"ListItem\",\"position\":2,\"name\":\"Home\",\"item\":\"https:\\\/\\\/www.lasershop.com.br\\\/?page_id=22\"},{\"@type\":\"ListItem\",\"position\":3,\"name\":\"SPIROM3\"}]},{\"@type\":\"WebSite\",\"@id\":\"https:\\\/\\\/www.lasershop.com.br\\\/#website\",\"url\":\"https:\\\/\\\/www.lasershop.com.br\\\/\",\"name\":\"Laser Shop\",\"description\":\"Aparelhos Eletrom\u00e9dicos pelo melhor pre\u00e7o!\",\"publisher\":{\"@id\":\"https:\\\/\\\/www.lasershop.com.br\\\/#organization\"},\"potentialAction\":[{\"@type\":\"SearchAction\",\"target\":{\"@type\":\"EntryPoint\",\"urlTemplate\":\"https:\\\/\\\/www.lasershop.com.br\\\/?s={search_term_string}\"},\"query-input\":{\"@type\":\"PropertyValueSpecification\",\"valueRequired\":true,\"valueName\":\"search_term_string\"}}],\"inLanguage\":\"pt-BR\"},{\"@type\":\"Organization\",\"@id\":\"https:\\\/\\\/www.lasershop.com.br\\\/#organization\",\"name\":\"Laser Shop\",\"url\":\"https:\\\/\\\/www.lasershop.com.br\\\/\",\"logo\":{\"@type\":\"ImageObject\",\"inLanguage\":\"pt-BR\",\"@id\":\"https:\\\/\\\/www.lasershop.com.br\\\/#\\\/schema\\\/logo\\\/image\\\/\",\"url\":\"https:\\\/\\\/lasershop.com.br\\\/wp-content\\\/uploads\\\/2025\\\/09\\\/LOGO_LASERSHOP-.png\",\"contentUrl\":\"https:\\\/\\\/lasershop.com.br\\\/wp-content\\\/uploads\\\/2025\\\/09\\\/LOGO_LASERSHOP-.png\",\"width\":612,\"height\":408,\"caption\":\"Laser Shop\"},\"image\":{\"@id\":\"https:\\\/\\\/www.lasershop.com.br\\\/#\\\/schema\\\/logo\\\/image\\\/\"},\"sameAs\":[\"https:\\\/\\\/facebook.com\\\/codaxmedica\",\"https:\\\/\\\/instagram.com\\\/codaxmedica\"]}]}<\/script>\n<!-- \/ Yoast SEO plugin. -->","yoast_head_json":{"title":"SPIROM3 - Laser Shop","robots":{"index":"index","follow":"follow","max-snippet":"max-snippet:-1","max-image-preview":"max-image-preview:large","max-video-preview":"max-video-preview:-1"},"canonical":"https:\/\/www.lasershop.com.br\/?product=spirom3","og_locale":"pt_BR","og_type":"article","og_title":"SPIROM3 - Laser Shop","og_description":"Espir\u00f4metro Volum\u00e9trico com Software Incluso Fa\u00e7a seus procedimentos com a efici\u00eancia do SPIROM3 e automatize todo o exame de Espirometria com o Spiromatic Web Espir\u00f4metro Volum\u00e9trico - Spirom3 Espir\u00f4metro Volum\u00e9trico Consagradamente o mais preciso para curvas Volume-tempo e Fluxo-Volume. Capacidade de 8 litros BTPS. Conforme recomenda\u00e7\u00e3o preferencial da ATS. Calibra\u00e7\u00e3o Possui r\u00e9gua de calibra\u00e7\u00e3o exclusiva [&hellip;]","og_url":"https:\/\/www.lasershop.com.br\/?product=spirom3","og_site_name":"Laser Shop","article_publisher":"https:\/\/facebook.com\/codaxmedica","article_modified_time":"2026-01-25T09:12:33+00:00","og_image":[{"width":900,"height":900,"url":"https:\/\/lasershop.com.br\/wp-content\/uploads\/2019\/03\/spirom3.png","type":"image\/png"}],"twitter_card":"summary_large_image","twitter_misc":{"Est. tempo de leitura":"2 minutos"},"schema":{"@context":"https:\/\/schema.org","@graph":[{"@type":"WebPage","@id":"https:\/\/www.lasershop.com.br\/?product=spirom3","url":"https:\/\/www.lasershop.com.br\/?product=spirom3","name":"SPIROM3 - Laser Shop","isPartOf":{"@id":"https:\/\/www.lasershop.com.br\/#website"},"primaryImageOfPage":{"@id":"https:\/\/www.lasershop.com.br\/?product=spirom3#primaryimage"},"image":{"@id":"https:\/\/www.lasershop.com.br\/?product=spirom3#primaryimage"},"thumbnailUrl":"https:\/\/lasershop.com.br\/wp-content\/uploads\/2019\/03\/spirom3.png","datePublished":"2019-03-21T19:11:00+00:00","dateModified":"2026-01-25T09:12:33+00:00","breadcrumb":{"@id":"https:\/\/www.lasershop.com.br\/?product=spirom3#breadcrumb"},"inLanguage":"pt-BR","potentialAction":[{"@type":"ReadAction","target":["https:\/\/www.lasershop.com.br\/?product=spirom3"]}]},{"@type":"ImageObject","inLanguage":"pt-BR","@id":"https:\/\/www.lasershop.com.br\/?product=spirom3#primaryimage","url":"https:\/\/lasershop.com.br\/wp-content\/uploads\/2019\/03\/spirom3.png","contentUrl":"https:\/\/lasershop.com.br\/wp-content\/uploads\/2019\/03\/spirom3.png","width":900,"height":900},{"@type":"BreadcrumbList","@id":"https:\/\/www.lasershop.com.br\/?product=spirom3#breadcrumb","itemListElement":[{"@type":"ListItem","position":1,"name":"In\u00edcio","item":"https:\/\/www.lasershop.com.br\/"},{"@type":"ListItem","position":2,"name":"Home","item":"https:\/\/www.lasershop.com.br\/?page_id=22"},{"@type":"ListItem","position":3,"name":"SPIROM3"}]},{"@type":"WebSite","@id":"https:\/\/www.lasershop.com.br\/#website","url":"https:\/\/www.lasershop.com.br\/","name":"Laser Shop","description":"Aparelhos Eletrom\u00e9dicos pelo melhor pre\u00e7o!","publisher":{"@id":"https:\/\/www.lasershop.com.br\/#organization"},"potentialAction":[{"@type":"SearchAction","target":{"@type":"EntryPoint","urlTemplate":"https:\/\/www.lasershop.com.br\/?s={search_term_string}"},"query-input":{"@type":"PropertyValueSpecification","valueRequired":true,"valueName":"search_term_string"}}],"inLanguage":"pt-BR"},{"@type":"Organization","@id":"https:\/\/www.lasershop.com.br\/#organization","name":"Laser Shop","url":"https:\/\/www.lasershop.com.br\/","logo":{"@type":"ImageObject","inLanguage":"pt-BR","@id":"https:\/\/www.lasershop.com.br\/#\/schema\/logo\/image\/","url":"https:\/\/lasershop.com.br\/wp-content\/uploads\/2025\/09\/LOGO_LASERSHOP-.png","contentUrl":"https:\/\/lasershop.com.br\/wp-content\/uploads\/2025\/09\/LOGO_LASERSHOP-.png","width":612,"height":408,"caption":"Laser Shop"},"image":{"@id":"https:\/\/www.lasershop.com.br\/#\/schema\/logo\/image\/"},"sameAs":["https:\/\/facebook.com\/codaxmedica","https:\/\/instagram.com\/codaxmedica"]}]}},"_links":{"self":[{"href":"https:\/\/www.lasershop.com.br\/index.php?rest_route=\/wp\/v2\/product\/271","targetHints":{"allow":["GET"]}}],"collection":[{"href":"https:\/\/www.lasershop.com.br\/index.php?rest_route=\/wp\/v2\/product"}],"about":[{"href":"https:\/\/www.lasershop.com.br\/index.php?rest_route=\/wp\/v2\/types\/product"}],"replies":[{"embeddable":true,"href":"https:\/\/www.lasershop.com.br\/index.php?rest_route=%2Fwp%2Fv2%2Fcomments&post=271"}],"wp:featuredmedia":[{"embeddable":true,"href":"https:\/\/www.lasershop.com.br\/index.php?rest_route=\/wp\/v2\/media\/273"}],"wp:attachment":[{"href":"https:\/\/www.lasershop.com.br\/index.php?rest_route=%2Fwp%2Fv2%2Fmedia&parent=271"}],"wp:term":[{"taxonomy":"product_brand","embeddable":true,"href":"https:\/\/www.lasershop.com.br\/index.php?rest_route=%2Fwp%2Fv2%2Fproduct_brand&post=271"},{"taxonomy":"product_cat","embeddable":true,"href":"https:\/\/www.lasershop.com.br\/index.php?rest_route=%2Fwp%2Fv2%2Fproduct_cat&post=271"},{"taxonomy":"product_tag","embeddable":true,"href":"https:\/\/www.lasershop.com.br\/index.php?rest_route=%2Fwp%2Fv2%2Fproduct_tag&post=271"}],"curies":[{"name":"wp","href":"https:\/\/api.w.org\/{rel}","templated":true}]}}