{"id":326,"date":"2019-03-25T13:40:20","date_gmt":"2019-03-25T13:40:20","guid":{"rendered":"https:\/\/lasershop.com.br\/?post_type=product&#038;p=326"},"modified":"2019-03-25T13:40:21","modified_gmt":"2019-03-25T13:40:21","slug":"dl-420-monitor-cirurgico-plus","status":"publish","type":"product","link":"https:\/\/www.lasershop.com.br\/?product=dl-420-monitor-cirurgico-plus","title":{"rendered":"DL 420 &#8211; Monitor cir\u00fargico Plus"},"content":{"rendered":"<body><p>O Monitor DL 420 plus monitora os sinais vitais do paciente, possuindo 5 par\u00e2metros integrados. Sendo exclusivo no mercado com o par\u00e2metro respira\u00e7\u00e3o, que \u00e9 detectado pela inspira\u00e7\u00e3o e expira\u00e7\u00e3o do paciente, o DL 420 possui alarmes sonoros e visuais configur\u00e1veis com m\u00e1ximo e m\u00ednimo, um monitor de 4.5 polegadas com display de alta resolu\u00e7\u00e3o, acompanha todos os cabos.<strong><\/strong><\/p>\n<p><\/p>\n<p><span style=\"text-decoration: underline;\"><strong>Equipamento Veterin\u00e1rio<\/strong><\/span><\/p>\n<p>\u2013 Curva pletismogr\u00e1fica, SP02 com sensor digital e temperatura;<br>\n\u2013 Alta performance em baixa perfus\u00e3o;<br>\n\u2013 Frequ\u00eancia Respirat\u00f3ria;<br>\n\u2013 Cabo sensor retal\/esof\u00e1gico com 3m de comprimento;<br>\n\u2013 Acompanha: Cabo sensor de SPO2.<\/p>\n<p><strong><br>\n<span style=\"text-decoration: underline;\">5 Par\u00e2metros Integrados:<\/span><\/strong><\/p>\n<p><span>\u2013 Oximetria<\/span><br>\n<span>\u2013 Pulso card\u00edaco<\/span><br>\n<span>\u2013 Curva pletismogr\u00e1fica<\/span><br>\n<span>\u2013 Temperatura esof\u00e1gica\/ Retal<\/span><br>\n<span>\u2013 Frequ\u00eancia Respirat\u00f3ria<\/span><\/p>\n<p><iframe src=\"\/\/www.youtube.com\/embed\/xRMwSeSw_Nw\" allowfullscreen=\"allowfullscreen\"><\/iframe><\/p>\n<\/body>","protected":false},"excerpt":{"rendered":"<p>O Monitor DL 420 plus monitora os sinais vitais do paciente, possuindo 5 par\u00e2metros integrados. Sendo exclusivo no mercado com o par\u00e2metro respira\u00e7\u00e3o, que \u00e9 detectado pela inspira\u00e7\u00e3o e expira\u00e7\u00e3o do paciente, o DL 420 possui alarmes sonoros e visuais configur\u00e1veis com m\u00e1ximo e m\u00ednimo, um monitor de 4.5 polegadas com display de alta resolu\u00e7\u00e3o, [&hellip;]<\/p>\n","protected":false},"featured_media":327,"comment_status":"open","ping_status":"closed","template":"","meta":{"_et_pb_use_builder":"","_et_pb_old_content":"","_et_gb_content_width":""},"product_brand":[],"product_cat":[24],"product_tag":[],"class_list":{"0":"post-326","1":"product","2":"type-product","3":"status-publish","4":"has-post-thumbnail","6":"product_cat-linha-veterinaria","8":"first","9":"instock","10":"taxable","11":"shipping-taxable","12":"purchasable","13":"product-type-simple"},"yoast_head":"<!-- This site is optimized with the Yoast SEO plugin v27.3 - https:\/\/yoast.com\/product\/yoast-seo-wordpress\/ -->\n<title>DL 420 - Monitor cir\u00fargico Plus - Laser Shop<\/title>\n<meta name=\"robots\" content=\"index, follow, max-snippet:-1, max-image-preview:large, max-video-preview:-1\" \/>\n<link rel=\"canonical\" href=\"https:\/\/www.lasershop.com.br\/?product=dl-420-monitor-cirurgico-plus\" \/>\n<meta property=\"og:locale\" content=\"pt_BR\" \/>\n<meta property=\"og:type\" content=\"article\" \/>\n<meta property=\"og:title\" content=\"DL 420 - Monitor cir\u00fargico Plus - Laser Shop\" \/>\n<meta property=\"og:description\" content=\"O Monitor DL 420 plus monitora os sinais vitais do paciente, possuindo 5 par\u00e2metros integrados. Sendo exclusivo no mercado com o par\u00e2metro respira\u00e7\u00e3o, que \u00e9 detectado pela inspira\u00e7\u00e3o e expira\u00e7\u00e3o do paciente, o DL 420 possui alarmes sonoros e visuais configur\u00e1veis com m\u00e1ximo e m\u00ednimo, um monitor de 4.5 polegadas com display de alta resolu\u00e7\u00e3o, [&hellip;]\" \/>\n<meta property=\"og:url\" content=\"https:\/\/www.lasershop.com.br\/?product=dl-420-monitor-cirurgico-plus\" \/>\n<meta property=\"og:site_name\" content=\"Laser Shop\" \/>\n<meta property=\"article:publisher\" content=\"https:\/\/facebook.com\/codaxmedica\" \/>\n<meta property=\"article:modified_time\" content=\"2019-03-25T13:40:21+00:00\" \/>\n<meta property=\"og:image\" content=\"https:\/\/lasershop.com.br\/wp-content\/uploads\/2019\/03\/dl420-plus.png\" \/>\n\t<meta property=\"og:image:width\" content=\"1182\" \/>\n\t<meta property=\"og:image:height\" content=\"1182\" \/>\n\t<meta property=\"og:image:type\" content=\"image\/png\" \/>\n<meta name=\"twitter:card\" content=\"summary_large_image\" \/>\n<meta name=\"twitter:label1\" content=\"Est. tempo de leitura\" \/>\n\t<meta name=\"twitter:data1\" content=\"1 minuto\" \/>\n<script type=\"application\/ld+json\" class=\"yoast-schema-graph\">{\"@context\":\"https:\\\/\\\/schema.org\",\"@graph\":[{\"@type\":\"WebPage\",\"@id\":\"https:\\\/\\\/www.lasershop.com.br\\\/?product=dl-420-monitor-cirurgico-plus\",\"url\":\"https:\\\/\\\/www.lasershop.com.br\\\/?product=dl-420-monitor-cirurgico-plus\",\"name\":\"DL 420 - Monitor cir\u00fargico Plus - Laser Shop\",\"isPartOf\":{\"@id\":\"https:\\\/\\\/www.lasershop.com.br\\\/#website\"},\"primaryImageOfPage\":{\"@id\":\"https:\\\/\\\/www.lasershop.com.br\\\/?product=dl-420-monitor-cirurgico-plus#primaryimage\"},\"image\":{\"@id\":\"https:\\\/\\\/www.lasershop.com.br\\\/?product=dl-420-monitor-cirurgico-plus#primaryimage\"},\"thumbnailUrl\":\"https:\\\/\\\/lasershop.com.br\\\/wp-content\\\/uploads\\\/2019\\\/03\\\/dl420-plus.png\",\"datePublished\":\"2019-03-25T13:40:20+00:00\",\"dateModified\":\"2019-03-25T13:40:21+00:00\",\"breadcrumb\":{\"@id\":\"https:\\\/\\\/www.lasershop.com.br\\\/?product=dl-420-monitor-cirurgico-plus#breadcrumb\"},\"inLanguage\":\"pt-BR\",\"potentialAction\":[{\"@type\":\"ReadAction\",\"target\":[\"https:\\\/\\\/www.lasershop.com.br\\\/?product=dl-420-monitor-cirurgico-plus\"]}]},{\"@type\":\"ImageObject\",\"inLanguage\":\"pt-BR\",\"@id\":\"https:\\\/\\\/www.lasershop.com.br\\\/?product=dl-420-monitor-cirurgico-plus#primaryimage\",\"url\":\"https:\\\/\\\/lasershop.com.br\\\/wp-content\\\/uploads\\\/2019\\\/03\\\/dl420-plus.png\",\"contentUrl\":\"https:\\\/\\\/lasershop.com.br\\\/wp-content\\\/uploads\\\/2019\\\/03\\\/dl420-plus.png\",\"width\":1182,\"height\":1182},{\"@type\":\"BreadcrumbList\",\"@id\":\"https:\\\/\\\/www.lasershop.com.br\\\/?product=dl-420-monitor-cirurgico-plus#breadcrumb\",\"itemListElement\":[{\"@type\":\"ListItem\",\"position\":1,\"name\":\"In\u00edcio\",\"item\":\"https:\\\/\\\/www.lasershop.com.br\\\/\"},{\"@type\":\"ListItem\",\"position\":2,\"name\":\"Home\",\"item\":\"https:\\\/\\\/www.lasershop.com.br\\\/?page_id=22\"},{\"@type\":\"ListItem\",\"position\":3,\"name\":\"DL 420 &#8211; Monitor cir\u00fargico Plus\"}]},{\"@type\":\"WebSite\",\"@id\":\"https:\\\/\\\/www.lasershop.com.br\\\/#website\",\"url\":\"https:\\\/\\\/www.lasershop.com.br\\\/\",\"name\":\"Laser Shop\",\"description\":\"Aparelhos Eletrom\u00e9dicos pelo melhor pre\u00e7o!\",\"publisher\":{\"@id\":\"https:\\\/\\\/www.lasershop.com.br\\\/#organization\"},\"potentialAction\":[{\"@type\":\"SearchAction\",\"target\":{\"@type\":\"EntryPoint\",\"urlTemplate\":\"https:\\\/\\\/www.lasershop.com.br\\\/?s={search_term_string}\"},\"query-input\":{\"@type\":\"PropertyValueSpecification\",\"valueRequired\":true,\"valueName\":\"search_term_string\"}}],\"inLanguage\":\"pt-BR\"},{\"@type\":\"Organization\",\"@id\":\"https:\\\/\\\/www.lasershop.com.br\\\/#organization\",\"name\":\"Laser Shop\",\"url\":\"https:\\\/\\\/www.lasershop.com.br\\\/\",\"logo\":{\"@type\":\"ImageObject\",\"inLanguage\":\"pt-BR\",\"@id\":\"https:\\\/\\\/www.lasershop.com.br\\\/#\\\/schema\\\/logo\\\/image\\\/\",\"url\":\"https:\\\/\\\/lasershop.com.br\\\/wp-content\\\/uploads\\\/2025\\\/09\\\/LOGO_LASERSHOP-.png\",\"contentUrl\":\"https:\\\/\\\/lasershop.com.br\\\/wp-content\\\/uploads\\\/2025\\\/09\\\/LOGO_LASERSHOP-.png\",\"width\":612,\"height\":408,\"caption\":\"Laser Shop\"},\"image\":{\"@id\":\"https:\\\/\\\/www.lasershop.com.br\\\/#\\\/schema\\\/logo\\\/image\\\/\"},\"sameAs\":[\"https:\\\/\\\/facebook.com\\\/codaxmedica\",\"https:\\\/\\\/instagram.com\\\/codaxmedica\"]}]}<\/script>\n<!-- \/ Yoast SEO plugin. -->","yoast_head_json":{"title":"DL 420 - Monitor cir\u00fargico Plus - Laser Shop","robots":{"index":"index","follow":"follow","max-snippet":"max-snippet:-1","max-image-preview":"max-image-preview:large","max-video-preview":"max-video-preview:-1"},"canonical":"https:\/\/www.lasershop.com.br\/?product=dl-420-monitor-cirurgico-plus","og_locale":"pt_BR","og_type":"article","og_title":"DL 420 - Monitor cir\u00fargico Plus - Laser Shop","og_description":"O Monitor DL 420 plus monitora os sinais vitais do paciente, possuindo 5 par\u00e2metros integrados. Sendo exclusivo no mercado com o par\u00e2metro respira\u00e7\u00e3o, que \u00e9 detectado pela inspira\u00e7\u00e3o e expira\u00e7\u00e3o do paciente, o DL 420 possui alarmes sonoros e visuais configur\u00e1veis com m\u00e1ximo e m\u00ednimo, um monitor de 4.5 polegadas com display de alta resolu\u00e7\u00e3o, [&hellip;]","og_url":"https:\/\/www.lasershop.com.br\/?product=dl-420-monitor-cirurgico-plus","og_site_name":"Laser Shop","article_publisher":"https:\/\/facebook.com\/codaxmedica","article_modified_time":"2019-03-25T13:40:21+00:00","og_image":[{"width":1182,"height":1182,"url":"https:\/\/lasershop.com.br\/wp-content\/uploads\/2019\/03\/dl420-plus.png","type":"image\/png"}],"twitter_card":"summary_large_image","twitter_misc":{"Est. tempo de leitura":"1 minuto"},"schema":{"@context":"https:\/\/schema.org","@graph":[{"@type":"WebPage","@id":"https:\/\/www.lasershop.com.br\/?product=dl-420-monitor-cirurgico-plus","url":"https:\/\/www.lasershop.com.br\/?product=dl-420-monitor-cirurgico-plus","name":"DL 420 - Monitor cir\u00fargico Plus - Laser Shop","isPartOf":{"@id":"https:\/\/www.lasershop.com.br\/#website"},"primaryImageOfPage":{"@id":"https:\/\/www.lasershop.com.br\/?product=dl-420-monitor-cirurgico-plus#primaryimage"},"image":{"@id":"https:\/\/www.lasershop.com.br\/?product=dl-420-monitor-cirurgico-plus#primaryimage"},"thumbnailUrl":"https:\/\/lasershop.com.br\/wp-content\/uploads\/2019\/03\/dl420-plus.png","datePublished":"2019-03-25T13:40:20+00:00","dateModified":"2019-03-25T13:40:21+00:00","breadcrumb":{"@id":"https:\/\/www.lasershop.com.br\/?product=dl-420-monitor-cirurgico-plus#breadcrumb"},"inLanguage":"pt-BR","potentialAction":[{"@type":"ReadAction","target":["https:\/\/www.lasershop.com.br\/?product=dl-420-monitor-cirurgico-plus"]}]},{"@type":"ImageObject","inLanguage":"pt-BR","@id":"https:\/\/www.lasershop.com.br\/?product=dl-420-monitor-cirurgico-plus#primaryimage","url":"https:\/\/lasershop.com.br\/wp-content\/uploads\/2019\/03\/dl420-plus.png","contentUrl":"https:\/\/lasershop.com.br\/wp-content\/uploads\/2019\/03\/dl420-plus.png","width":1182,"height":1182},{"@type":"BreadcrumbList","@id":"https:\/\/www.lasershop.com.br\/?product=dl-420-monitor-cirurgico-plus#breadcrumb","itemListElement":[{"@type":"ListItem","position":1,"name":"In\u00edcio","item":"https:\/\/www.lasershop.com.br\/"},{"@type":"ListItem","position":2,"name":"Home","item":"https:\/\/www.lasershop.com.br\/?page_id=22"},{"@type":"ListItem","position":3,"name":"DL 420 &#8211; Monitor cir\u00fargico Plus"}]},{"@type":"WebSite","@id":"https:\/\/www.lasershop.com.br\/#website","url":"https:\/\/www.lasershop.com.br\/","name":"Laser Shop","description":"Aparelhos Eletrom\u00e9dicos pelo melhor pre\u00e7o!","publisher":{"@id":"https:\/\/www.lasershop.com.br\/#organization"},"potentialAction":[{"@type":"SearchAction","target":{"@type":"EntryPoint","urlTemplate":"https:\/\/www.lasershop.com.br\/?s={search_term_string}"},"query-input":{"@type":"PropertyValueSpecification","valueRequired":true,"valueName":"search_term_string"}}],"inLanguage":"pt-BR"},{"@type":"Organization","@id":"https:\/\/www.lasershop.com.br\/#organization","name":"Laser Shop","url":"https:\/\/www.lasershop.com.br\/","logo":{"@type":"ImageObject","inLanguage":"pt-BR","@id":"https:\/\/www.lasershop.com.br\/#\/schema\/logo\/image\/","url":"https:\/\/lasershop.com.br\/wp-content\/uploads\/2025\/09\/LOGO_LASERSHOP-.png","contentUrl":"https:\/\/lasershop.com.br\/wp-content\/uploads\/2025\/09\/LOGO_LASERSHOP-.png","width":612,"height":408,"caption":"Laser Shop"},"image":{"@id":"https:\/\/www.lasershop.com.br\/#\/schema\/logo\/image\/"},"sameAs":["https:\/\/facebook.com\/codaxmedica","https:\/\/instagram.com\/codaxmedica"]}]}},"_links":{"self":[{"href":"https:\/\/www.lasershop.com.br\/index.php?rest_route=\/wp\/v2\/product\/326","targetHints":{"allow":["GET"]}}],"collection":[{"href":"https:\/\/www.lasershop.com.br\/index.php?rest_route=\/wp\/v2\/product"}],"about":[{"href":"https:\/\/www.lasershop.com.br\/index.php?rest_route=\/wp\/v2\/types\/product"}],"replies":[{"embeddable":true,"href":"https:\/\/www.lasershop.com.br\/index.php?rest_route=%2Fwp%2Fv2%2Fcomments&post=326"}],"wp:featuredmedia":[{"embeddable":true,"href":"https:\/\/www.lasershop.com.br\/index.php?rest_route=\/wp\/v2\/media\/327"}],"wp:attachment":[{"href":"https:\/\/www.lasershop.com.br\/index.php?rest_route=%2Fwp%2Fv2%2Fmedia&parent=326"}],"wp:term":[{"taxonomy":"product_brand","embeddable":true,"href":"https:\/\/www.lasershop.com.br\/index.php?rest_route=%2Fwp%2Fv2%2Fproduct_brand&post=326"},{"taxonomy":"product_cat","embeddable":true,"href":"https:\/\/www.lasershop.com.br\/index.php?rest_route=%2Fwp%2Fv2%2Fproduct_cat&post=326"},{"taxonomy":"product_tag","embeddable":true,"href":"https:\/\/www.lasershop.com.br\/index.php?rest_route=%2Fwp%2Fv2%2Fproduct_tag&post=326"}],"curies":[{"name":"wp","href":"https:\/\/api.w.org\/{rel}","templated":true}]}}