{"id":380,"date":"2019-03-25T15:21:25","date_gmt":"2019-03-25T15:21:25","guid":{"rendered":"https:\/\/lasershop.com.br\/?post_type=product&#038;p=380"},"modified":"2019-03-25T15:21:26","modified_gmt":"2019-03-25T15:21:26","slug":"dl720-aparelho-de-ventilacao-mecanica-para-anestesia-inalatoria-veterinario","status":"publish","type":"product","link":"https:\/\/www.lasershop.com.br\/?product=dl720-aparelho-de-ventilacao-mecanica-para-anestesia-inalatoria-veterinario","title":{"rendered":"DL720 &#8211; Aparelho de Ventila\u00e7\u00e3o Mec\u00e2nica para Anestesia Inalat\u00f3ria &#8211; Veterin\u00e1rio"},"content":{"rendered":"<body><p><span style=\"font-family: 'trebuchet ms', geneva;\">O Sistema de Ventila\u00e7\u00e3o DL720 \u00e9 um equipamento exclusivo de uso veterin\u00e1rio que tem por objetivo oferecer ao paciente a oxigegna\u00e7\u00e3o adequada mediante a procedimentos cl\u00ednicos ou cir\u00fargicos. Esse modelo de sistema de ventila\u00e7\u00e3o oferece a oxigena\u00e7\u00e3o necess\u00e1ria para o paciente quando o mesmo n\u00e3o \u00e9 capaz de realiza-la.<\/span><\/p>\n<p><\/p>\n<p><span style=\"font-size: medium; font-family: 'trebuchet ms', geneva;\"><em><strong>Vis\u00e3o Geral do Sistema de Ventila\u00e7\u00e3o DL720<br>\n<\/strong><\/em><\/span><br>\n<span style=\"font-family: 'trebuchet ms', geneva;\">A ventila\u00e7\u00e3o de um paciente pode ser interpretada como a manuten\u00e7\u00e3o da oxigena\u00e7\u00e3o ideal dos pacientes que s\u00e3o capazes de realiz\u00e1-la de forma natural.<\/span><br>\n<span style=\"font-family: 'trebuchet ms', geneva;\">Esse tipo de assist\u00eancia \u00e9 essencial para pacientes submetidos \u00e0 anestesia geral e para pacientes internados em unidades de terapia intensiva com insufici\u00eancia respirat\u00f3ria.<\/span><\/p>\n<p><\/p>\n<ul>\n<li><span style=\"font-family: 'trebuchet ms', geneva;\">Ventila\u00e7\u00e3o manual: \u00e9 neccess\u00e1ria a presen\u00e7a de uma pessoa ou de um AMBU para comprimir o bal\u00e3o de reinala\u00e7\u00e3o para propiciar o ritmo respirat\u00f3rio desejado ao paciente.<\/span><\/li>\n<li><span style=\"font-family: 'trebuchet ms', geneva;\">Ventila\u00e7\u00e3o espont\u00e2nea: o paciente que determina a frequ\u00eancia e o volume de cada movimenta\u00e7\u00e3o respirat\u00f3ria, ou seja, o paciente respira de forma natural com o aparelho.<\/span><\/li>\n<li><span style=\"font-family: 'trebuchet ms', geneva;\">Ventila\u00e7\u00e3o mec\u00e2nica ou controlada: o aparelho que controla a frequ\u00eancia e o volume de O2 em cada movimento respirat\u00f3rio.<\/span><\/li>\n<\/ul>\n<p>\u00a0<\/p>\n<p><span style=\"font-family: 'trebuchet ms', geneva;\"><em><strong>Circuito Circular Valvular \u2013 circuito fechado:<\/strong><\/em> este tipo de circuito \u00e9 caracterizado pela reina\u00e7\u00e3o total do gases expirados. Esses gases s\u00e3o filtrados pela cal sodada dentro do canister que absorve o CO2 dos gases expirados para que o mesmo seja reinspirado pelo paciente sem causar danos ao mesmo ou liberar CO2 naturalmente.<\/span><br>\n<span style=\"font-family: 'trebuchet ms', geneva;\"><br>\nEsse equipamento n\u00e3o acompanha sistema respirat\u00f3rio equipado com canister, v\u00e1lvulas inspirat\u00f3ria e expirat\u00f3ria e tudos de inspira\u00e7\u00e3o e expira\u00e7\u00e3o. Para o uso do Sistema de Ventila\u00e7\u00e3o DL720 espera-se que o m\u00e9dico utilizae o pr\u00f3prio sistema respirat\u00f3rio.<br>\n<\/span><br>\n<span style=\"font-family: 'trebuchet ms', geneva;\">Intermadi\u00e1rio: para que o m\u00f3dulo de ventila\u00e7\u00e3o seja utilizado \u00e9 necess\u00e1rio acoplar o intermedi\u00e1rio de metal a entrada de gases que possui conector para o bal\u00e3o, bico para o tubo proveniente da sa\u00edda comum de gases e v\u00e1lvula pop off para al\u00edvio de press\u00e3o de modo que o m\u00f3dulo de ventila\u00e7\u00e3o funcione adequadamente.<\/span><br>\n<span style=\"font-family: 'trebuchet ms', geneva;\">O bal\u00e3o e a mangueira de silicone n\u00e3o acompanham o equipamento, mas podem ser adquiridos separadamente na Delta Life.<\/span><\/p>\n<p><span style=\"font-family: 'trebuchet ms', geneva;\"><br>\n<\/span><span style=\"font-family: 'trebuchet ms', geneva;\"><strong>OBS: Para alimenta\u00e7\u00e3o do ventilador de oxig\u00eanio, ligar a extens\u00e3o de ar no ponto de alimenta\u00e7\u00e3o de oxig\u00eanio, utilizando o adaptador de ar para O<span style=\"font-size: x-small;\">2<\/span> (opcional).<br>\n<\/strong><\/span><\/p>\n<ul>\n<li><span style=\"font-family: 'trebuchet ms', geneva;\">O equipamento inclui uma das mangueiras que pode ser de prefe\u00eancia do m\u00e9dico e ainda pode incluir um adaptador para mangueira de oxig\u00eanio caso o m\u00e9dico deseje adquirir as duas.<\/span><\/li>\n<\/ul>\n<p>\u00a0<\/p>\n<p><span style=\"font-family: 'trebuchet ms', geneva;\"><strong>Nota: Quando a fonte de alimenta\u00e7\u00e3o for um cilindro a v\u00e1lvula reguladora, n\u00e3o pode ter flux\u00f4metro. V\u00e1lvulas com flux\u00f4metro interferem no bom funcionamento do ventilador.<\/strong><\/span><\/p>\n<ul>\n<li><span style=\"font-family: 'trebuchet ms', geneva;\">A press\u00e3o de alimenta\u00e7\u00e3o do sistema deve ser de 3,5 \u00e0 5 Kgf\/cm2.<\/span><\/li>\n<\/ul>\n<p><span style=\"font-size: medium; font-family: 'trebuchet ms', geneva;\"><em><strong>Ciclagem<\/strong><\/em><\/span><\/p>\n<p><\/p>\n<p><span style=\"font-family: 'trebuchet ms', geneva;\">A ciclagem do m\u00f3dulo de ventila\u00e7\u00e3o \u00e9 o que determina a mudan\u00e7a de est\u00e1gio inspirat\u00f3rio para o expirat\u00f3rio. Esse campo da tela mostra que tipo de ciclagem o equipamento est\u00e1 realizando. A ciclagem pode ser de dois tipos:<\/span><\/p>\n<p><br>\n<span style=\"font-family: 'trebuchet ms', geneva;\"><em><strong>Ciclagem por tempo:<\/strong><\/em> a transi\u00e7\u00e3o inspira\u00e7\u00e3o\/expira\u00e7\u00e3o ocorre atrav\u00e9s de um tempo inspirat\u00f3rio pr\u00e9-estabelecido, n\u00e3o levando em considera\u00e7\u00e3o as caracter\u00edsticas el\u00e1stico-resistivas do sistema respirat\u00f3rio do paciente. Como seguran\u00e7a, se a press\u00e3o no paciente atingir um valor de press\u00e3o igual ou maior ao ajustado no controle de press\u00e3o inspirat\u00f3ria, por seguran\u00e7a o ciclo inspirat\u00f3rio termina por press\u00e3o.<\/span><\/p>\n<p><br>\n<span style=\"font-family: 'trebuchet ms', geneva;\"><em><strong>Ciclagem por press\u00e3o:<\/strong><\/em> a fase inspirat\u00f3ria \u00e9 determinada pela press\u00e3o alcan\u00e7ada nas via a\u00e9reas, quando esse valor \u00e9 alcan\u00e7ado o fluxo inspirat\u00f3rio \u00e9 interrompido independente do tempo ou volume utilizado para que a press\u00e3o fosse atingida.<\/span><\/p>\n<p><span style=\"font-family: 'trebuchet ms', geneva;\"><strong>OBS: Se o sistema estiver funcionando de forma adequada a mensagem que aparecer\u00e1 logo abaixo do campo \u201cEst\u00e1gio de Respira\u00e7\u00e3o\u201d \u00e9 \u201cCiclo OK\u201d caso o sistema n\u00e3o esteja funcionando adequadamente ou a mangueira se desconecte do paciente a mensagem exibida ser\u00e1 \u201cSistema Aberto\u201d.<\/strong><\/span><\/p>\n<p><\/p>\n<div class=\"product-shop\">\n<div class=\"short-description\">\n<h2><span style=\"font-size: 12pt;\"><em><span style=\"font-family: trebuchet ms,geneva,sans-serif;\">Resumo<br>\n<\/span><\/em><\/span><\/h2>\n<div class=\"std\">\u2013 Press\u00e3o Atual Pulmonar.<br>\n\u2013 Rela\u00e7\u00e3o Inspira\u00e7\u00e3o Expira\u00e7\u00e3o.<br>\n\u2013 Possibilita Ciclar por Press\u00e3o, Volume e Tempo.<\/div>\n<\/div>\n<\/div>\n<div class=\"clearer\"><\/div>\n<p><span style=\"font-family: 'trebuchet ms', geneva;\"><strong>\u00a0<\/strong><\/span><\/p>\n<\/body>","protected":false},"excerpt":{"rendered":"<p>O Sistema de Ventila\u00e7\u00e3o DL720 \u00e9 um equipamento exclusivo de uso veterin\u00e1rio que tem por objetivo oferecer ao paciente a oxigegna\u00e7\u00e3o adequada mediante a procedimentos cl\u00ednicos ou cir\u00fargicos. Esse modelo de sistema de ventila\u00e7\u00e3o oferece a oxigena\u00e7\u00e3o necess\u00e1ria para o paciente quando o mesmo n\u00e3o \u00e9 capaz de realiza-la. Vis\u00e3o Geral do Sistema de Ventila\u00e7\u00e3o [&hellip;]<\/p>\n","protected":false},"featured_media":381,"comment_status":"open","ping_status":"closed","template":"","meta":{"_et_pb_use_builder":"","_et_pb_old_content":"","_et_gb_content_width":""},"product_brand":[],"product_cat":[24],"product_tag":[],"class_list":{"0":"post-380","1":"product","2":"type-product","3":"status-publish","4":"has-post-thumbnail","6":"product_cat-linha-veterinaria","8":"first","9":"instock","10":"taxable","11":"shipping-taxable","12":"purchasable","13":"product-type-simple"},"yoast_head":"<!-- This site is optimized with the Yoast SEO plugin v27.3 - https:\/\/yoast.com\/product\/yoast-seo-wordpress\/ -->\n<title>DL720 - Aparelho de Ventila\u00e7\u00e3o Mec\u00e2nica para Anestesia Inalat\u00f3ria - Veterin\u00e1rio - Laser Shop<\/title>\n<meta name=\"robots\" content=\"index, follow, max-snippet:-1, max-image-preview:large, max-video-preview:-1\" \/>\n<link rel=\"canonical\" href=\"https:\/\/www.lasershop.com.br\/?product=dl720-aparelho-de-ventilacao-mecanica-para-anestesia-inalatoria-veterinario\" \/>\n<meta property=\"og:locale\" content=\"pt_BR\" \/>\n<meta property=\"og:type\" content=\"article\" \/>\n<meta property=\"og:title\" content=\"DL720 - Aparelho de Ventila\u00e7\u00e3o Mec\u00e2nica para Anestesia Inalat\u00f3ria - Veterin\u00e1rio - Laser Shop\" \/>\n<meta property=\"og:description\" content=\"O Sistema de Ventila\u00e7\u00e3o DL720 \u00e9 um equipamento exclusivo de uso veterin\u00e1rio que tem por objetivo oferecer ao paciente a oxigegna\u00e7\u00e3o adequada mediante a procedimentos cl\u00ednicos ou cir\u00fargicos. Esse modelo de sistema de ventila\u00e7\u00e3o oferece a oxigena\u00e7\u00e3o necess\u00e1ria para o paciente quando o mesmo n\u00e3o \u00e9 capaz de realiza-la. Vis\u00e3o Geral do Sistema de Ventila\u00e7\u00e3o [&hellip;]\" \/>\n<meta property=\"og:url\" content=\"https:\/\/www.lasershop.com.br\/?product=dl720-aparelho-de-ventilacao-mecanica-para-anestesia-inalatoria-veterinario\" \/>\n<meta property=\"og:site_name\" content=\"Laser Shop\" \/>\n<meta property=\"article:publisher\" content=\"https:\/\/facebook.com\/codaxmedica\" \/>\n<meta property=\"article:modified_time\" content=\"2019-03-25T15:21:26+00:00\" \/>\n<meta property=\"og:image\" content=\"https:\/\/lasershop.com.br\/wp-content\/uploads\/2019\/03\/dl720-sem-pedestal-ajustada-novo.png\" \/>\n\t<meta property=\"og:image:width\" content=\"600\" \/>\n\t<meta property=\"og:image:height\" content=\"2152\" \/>\n\t<meta property=\"og:image:type\" content=\"image\/png\" \/>\n<meta name=\"twitter:card\" content=\"summary_large_image\" \/>\n<meta name=\"twitter:label1\" content=\"Est. tempo de leitura\" \/>\n\t<meta name=\"twitter:data1\" content=\"4 minutos\" \/>\n<script type=\"application\/ld+json\" class=\"yoast-schema-graph\">{\"@context\":\"https:\\\/\\\/schema.org\",\"@graph\":[{\"@type\":\"WebPage\",\"@id\":\"https:\\\/\\\/www.lasershop.com.br\\\/?product=dl720-aparelho-de-ventilacao-mecanica-para-anestesia-inalatoria-veterinario\",\"url\":\"https:\\\/\\\/www.lasershop.com.br\\\/?product=dl720-aparelho-de-ventilacao-mecanica-para-anestesia-inalatoria-veterinario\",\"name\":\"DL720 - Aparelho de Ventila\u00e7\u00e3o Mec\u00e2nica para Anestesia Inalat\u00f3ria - Veterin\u00e1rio - Laser Shop\",\"isPartOf\":{\"@id\":\"https:\\\/\\\/www.lasershop.com.br\\\/#website\"},\"primaryImageOfPage\":{\"@id\":\"https:\\\/\\\/www.lasershop.com.br\\\/?product=dl720-aparelho-de-ventilacao-mecanica-para-anestesia-inalatoria-veterinario#primaryimage\"},\"image\":{\"@id\":\"https:\\\/\\\/www.lasershop.com.br\\\/?product=dl720-aparelho-de-ventilacao-mecanica-para-anestesia-inalatoria-veterinario#primaryimage\"},\"thumbnailUrl\":\"https:\\\/\\\/lasershop.com.br\\\/wp-content\\\/uploads\\\/2019\\\/03\\\/dl720-sem-pedestal-ajustada-novo.png\",\"datePublished\":\"2019-03-25T15:21:25+00:00\",\"dateModified\":\"2019-03-25T15:21:26+00:00\",\"breadcrumb\":{\"@id\":\"https:\\\/\\\/www.lasershop.com.br\\\/?product=dl720-aparelho-de-ventilacao-mecanica-para-anestesia-inalatoria-veterinario#breadcrumb\"},\"inLanguage\":\"pt-BR\",\"potentialAction\":[{\"@type\":\"ReadAction\",\"target\":[\"https:\\\/\\\/www.lasershop.com.br\\\/?product=dl720-aparelho-de-ventilacao-mecanica-para-anestesia-inalatoria-veterinario\"]}]},{\"@type\":\"ImageObject\",\"inLanguage\":\"pt-BR\",\"@id\":\"https:\\\/\\\/www.lasershop.com.br\\\/?product=dl720-aparelho-de-ventilacao-mecanica-para-anestesia-inalatoria-veterinario#primaryimage\",\"url\":\"https:\\\/\\\/lasershop.com.br\\\/wp-content\\\/uploads\\\/2019\\\/03\\\/dl720-sem-pedestal-ajustada-novo.png\",\"contentUrl\":\"https:\\\/\\\/lasershop.com.br\\\/wp-content\\\/uploads\\\/2019\\\/03\\\/dl720-sem-pedestal-ajustada-novo.png\",\"width\":600,\"height\":2152},{\"@type\":\"BreadcrumbList\",\"@id\":\"https:\\\/\\\/www.lasershop.com.br\\\/?product=dl720-aparelho-de-ventilacao-mecanica-para-anestesia-inalatoria-veterinario#breadcrumb\",\"itemListElement\":[{\"@type\":\"ListItem\",\"position\":1,\"name\":\"In\u00edcio\",\"item\":\"https:\\\/\\\/www.lasershop.com.br\\\/\"},{\"@type\":\"ListItem\",\"position\":2,\"name\":\"Home\",\"item\":\"https:\\\/\\\/www.lasershop.com.br\\\/?page_id=22\"},{\"@type\":\"ListItem\",\"position\":3,\"name\":\"DL720 &#8211; Aparelho de Ventila\u00e7\u00e3o Mec\u00e2nica para Anestesia Inalat\u00f3ria &#8211; Veterin\u00e1rio\"}]},{\"@type\":\"WebSite\",\"@id\":\"https:\\\/\\\/www.lasershop.com.br\\\/#website\",\"url\":\"https:\\\/\\\/www.lasershop.com.br\\\/\",\"name\":\"Laser Shop\",\"description\":\"Aparelhos Eletrom\u00e9dicos pelo melhor pre\u00e7o!\",\"publisher\":{\"@id\":\"https:\\\/\\\/www.lasershop.com.br\\\/#organization\"},\"potentialAction\":[{\"@type\":\"SearchAction\",\"target\":{\"@type\":\"EntryPoint\",\"urlTemplate\":\"https:\\\/\\\/www.lasershop.com.br\\\/?s={search_term_string}\"},\"query-input\":{\"@type\":\"PropertyValueSpecification\",\"valueRequired\":true,\"valueName\":\"search_term_string\"}}],\"inLanguage\":\"pt-BR\"},{\"@type\":\"Organization\",\"@id\":\"https:\\\/\\\/www.lasershop.com.br\\\/#organization\",\"name\":\"Laser Shop\",\"url\":\"https:\\\/\\\/www.lasershop.com.br\\\/\",\"logo\":{\"@type\":\"ImageObject\",\"inLanguage\":\"pt-BR\",\"@id\":\"https:\\\/\\\/www.lasershop.com.br\\\/#\\\/schema\\\/logo\\\/image\\\/\",\"url\":\"https:\\\/\\\/lasershop.com.br\\\/wp-content\\\/uploads\\\/2025\\\/09\\\/LOGO_LASERSHOP-.png\",\"contentUrl\":\"https:\\\/\\\/lasershop.com.br\\\/wp-content\\\/uploads\\\/2025\\\/09\\\/LOGO_LASERSHOP-.png\",\"width\":612,\"height\":408,\"caption\":\"Laser Shop\"},\"image\":{\"@id\":\"https:\\\/\\\/www.lasershop.com.br\\\/#\\\/schema\\\/logo\\\/image\\\/\"},\"sameAs\":[\"https:\\\/\\\/facebook.com\\\/codaxmedica\",\"https:\\\/\\\/instagram.com\\\/codaxmedica\"]}]}<\/script>\n<!-- \/ Yoast SEO plugin. -->","yoast_head_json":{"title":"DL720 - Aparelho de Ventila\u00e7\u00e3o Mec\u00e2nica para Anestesia Inalat\u00f3ria - Veterin\u00e1rio - Laser Shop","robots":{"index":"index","follow":"follow","max-snippet":"max-snippet:-1","max-image-preview":"max-image-preview:large","max-video-preview":"max-video-preview:-1"},"canonical":"https:\/\/www.lasershop.com.br\/?product=dl720-aparelho-de-ventilacao-mecanica-para-anestesia-inalatoria-veterinario","og_locale":"pt_BR","og_type":"article","og_title":"DL720 - Aparelho de Ventila\u00e7\u00e3o Mec\u00e2nica para Anestesia Inalat\u00f3ria - Veterin\u00e1rio - Laser Shop","og_description":"O Sistema de Ventila\u00e7\u00e3o DL720 \u00e9 um equipamento exclusivo de uso veterin\u00e1rio que tem por objetivo oferecer ao paciente a oxigegna\u00e7\u00e3o adequada mediante a procedimentos cl\u00ednicos ou cir\u00fargicos. Esse modelo de sistema de ventila\u00e7\u00e3o oferece a oxigena\u00e7\u00e3o necess\u00e1ria para o paciente quando o mesmo n\u00e3o \u00e9 capaz de realiza-la. Vis\u00e3o Geral do Sistema de Ventila\u00e7\u00e3o [&hellip;]","og_url":"https:\/\/www.lasershop.com.br\/?product=dl720-aparelho-de-ventilacao-mecanica-para-anestesia-inalatoria-veterinario","og_site_name":"Laser Shop","article_publisher":"https:\/\/facebook.com\/codaxmedica","article_modified_time":"2019-03-25T15:21:26+00:00","og_image":[{"width":600,"height":2152,"url":"https:\/\/lasershop.com.br\/wp-content\/uploads\/2019\/03\/dl720-sem-pedestal-ajustada-novo.png","type":"image\/png"}],"twitter_card":"summary_large_image","twitter_misc":{"Est. tempo de leitura":"4 minutos"},"schema":{"@context":"https:\/\/schema.org","@graph":[{"@type":"WebPage","@id":"https:\/\/www.lasershop.com.br\/?product=dl720-aparelho-de-ventilacao-mecanica-para-anestesia-inalatoria-veterinario","url":"https:\/\/www.lasershop.com.br\/?product=dl720-aparelho-de-ventilacao-mecanica-para-anestesia-inalatoria-veterinario","name":"DL720 - Aparelho de Ventila\u00e7\u00e3o Mec\u00e2nica para Anestesia Inalat\u00f3ria - Veterin\u00e1rio - Laser Shop","isPartOf":{"@id":"https:\/\/www.lasershop.com.br\/#website"},"primaryImageOfPage":{"@id":"https:\/\/www.lasershop.com.br\/?product=dl720-aparelho-de-ventilacao-mecanica-para-anestesia-inalatoria-veterinario#primaryimage"},"image":{"@id":"https:\/\/www.lasershop.com.br\/?product=dl720-aparelho-de-ventilacao-mecanica-para-anestesia-inalatoria-veterinario#primaryimage"},"thumbnailUrl":"https:\/\/lasershop.com.br\/wp-content\/uploads\/2019\/03\/dl720-sem-pedestal-ajustada-novo.png","datePublished":"2019-03-25T15:21:25+00:00","dateModified":"2019-03-25T15:21:26+00:00","breadcrumb":{"@id":"https:\/\/www.lasershop.com.br\/?product=dl720-aparelho-de-ventilacao-mecanica-para-anestesia-inalatoria-veterinario#breadcrumb"},"inLanguage":"pt-BR","potentialAction":[{"@type":"ReadAction","target":["https:\/\/www.lasershop.com.br\/?product=dl720-aparelho-de-ventilacao-mecanica-para-anestesia-inalatoria-veterinario"]}]},{"@type":"ImageObject","inLanguage":"pt-BR","@id":"https:\/\/www.lasershop.com.br\/?product=dl720-aparelho-de-ventilacao-mecanica-para-anestesia-inalatoria-veterinario#primaryimage","url":"https:\/\/lasershop.com.br\/wp-content\/uploads\/2019\/03\/dl720-sem-pedestal-ajustada-novo.png","contentUrl":"https:\/\/lasershop.com.br\/wp-content\/uploads\/2019\/03\/dl720-sem-pedestal-ajustada-novo.png","width":600,"height":2152},{"@type":"BreadcrumbList","@id":"https:\/\/www.lasershop.com.br\/?product=dl720-aparelho-de-ventilacao-mecanica-para-anestesia-inalatoria-veterinario#breadcrumb","itemListElement":[{"@type":"ListItem","position":1,"name":"In\u00edcio","item":"https:\/\/www.lasershop.com.br\/"},{"@type":"ListItem","position":2,"name":"Home","item":"https:\/\/www.lasershop.com.br\/?page_id=22"},{"@type":"ListItem","position":3,"name":"DL720 &#8211; Aparelho de Ventila\u00e7\u00e3o Mec\u00e2nica para Anestesia Inalat\u00f3ria &#8211; Veterin\u00e1rio"}]},{"@type":"WebSite","@id":"https:\/\/www.lasershop.com.br\/#website","url":"https:\/\/www.lasershop.com.br\/","name":"Laser Shop","description":"Aparelhos Eletrom\u00e9dicos pelo melhor pre\u00e7o!","publisher":{"@id":"https:\/\/www.lasershop.com.br\/#organization"},"potentialAction":[{"@type":"SearchAction","target":{"@type":"EntryPoint","urlTemplate":"https:\/\/www.lasershop.com.br\/?s={search_term_string}"},"query-input":{"@type":"PropertyValueSpecification","valueRequired":true,"valueName":"search_term_string"}}],"inLanguage":"pt-BR"},{"@type":"Organization","@id":"https:\/\/www.lasershop.com.br\/#organization","name":"Laser Shop","url":"https:\/\/www.lasershop.com.br\/","logo":{"@type":"ImageObject","inLanguage":"pt-BR","@id":"https:\/\/www.lasershop.com.br\/#\/schema\/logo\/image\/","url":"https:\/\/lasershop.com.br\/wp-content\/uploads\/2025\/09\/LOGO_LASERSHOP-.png","contentUrl":"https:\/\/lasershop.com.br\/wp-content\/uploads\/2025\/09\/LOGO_LASERSHOP-.png","width":612,"height":408,"caption":"Laser Shop"},"image":{"@id":"https:\/\/www.lasershop.com.br\/#\/schema\/logo\/image\/"},"sameAs":["https:\/\/facebook.com\/codaxmedica","https:\/\/instagram.com\/codaxmedica"]}]}},"_links":{"self":[{"href":"https:\/\/www.lasershop.com.br\/index.php?rest_route=\/wp\/v2\/product\/380","targetHints":{"allow":["GET"]}}],"collection":[{"href":"https:\/\/www.lasershop.com.br\/index.php?rest_route=\/wp\/v2\/product"}],"about":[{"href":"https:\/\/www.lasershop.com.br\/index.php?rest_route=\/wp\/v2\/types\/product"}],"replies":[{"embeddable":true,"href":"https:\/\/www.lasershop.com.br\/index.php?rest_route=%2Fwp%2Fv2%2Fcomments&post=380"}],"wp:featuredmedia":[{"embeddable":true,"href":"https:\/\/www.lasershop.com.br\/index.php?rest_route=\/wp\/v2\/media\/381"}],"wp:attachment":[{"href":"https:\/\/www.lasershop.com.br\/index.php?rest_route=%2Fwp%2Fv2%2Fmedia&parent=380"}],"wp:term":[{"taxonomy":"product_brand","embeddable":true,"href":"https:\/\/www.lasershop.com.br\/index.php?rest_route=%2Fwp%2Fv2%2Fproduct_brand&post=380"},{"taxonomy":"product_cat","embeddable":true,"href":"https:\/\/www.lasershop.com.br\/index.php?rest_route=%2Fwp%2Fv2%2Fproduct_cat&post=380"},{"taxonomy":"product_tag","embeddable":true,"href":"https:\/\/www.lasershop.com.br\/index.php?rest_route=%2Fwp%2Fv2%2Fproduct_tag&post=380"}],"curies":[{"name":"wp","href":"https:\/\/api.w.org\/{rel}","templated":true}]}}