{"id":396,"date":"2019-03-25T17:02:35","date_gmt":"2019-03-25T17:02:35","guid":{"rendered":"https:\/\/lasershop.com.br\/?post_type=product&#038;p=396"},"modified":"2019-03-25T17:02:37","modified_gmt":"2019-03-25T17:02:37","slug":"dl800-termovet","status":"publish","type":"product","link":"https:\/\/www.lasershop.com.br\/?product=dl800-termovet","title":{"rendered":"DL800 &#8211; TermoVet"},"content":{"rendered":"<body><p><span style=\"font-size: 12pt;\"><strong>Equipamento Veterin\u00e1rio<\/strong><\/span><\/p>\n<p>\u2013 Avalia o desempenho de diferentes medicamentos e tratamentos;<br>\n\u2013 Alarmes sonoro e visual m\u00e1ximo e m\u00ednimo;<br>\n\u2013 Registro gr\u00e1fico regul\u00e1vel de 1 at\u00e9 99 horas;<br>\n\u2013 Bip sonoro: Ligado\/Desligado;<br>\n\u2013 Aprimora constantemente seus procedimentos;<br>\n\u2013 Monitora com alarmes de M\u00e1ximo e M\u00ednimo regul\u00e1veis;<br>\n\u2013 Demonstra ao veterin\u00e1rio a curva de recupera\u00e7\u00e3o durante a terapia;<br>\n\u2013 Resolu\u00e7\u00e3o 0,1\u00b0C.<\/p>\n<\/body>","protected":false},"excerpt":{"rendered":"<p>Equipamento Veterin\u00e1rio \u2013 Avalia o desempenho de diferentes medicamentos e tratamentos; \u2013 Alarmes sonoro e visual m\u00e1ximo e m\u00ednimo; \u2013 Registro gr\u00e1fico regul\u00e1vel de 1 at\u00e9 99 horas; \u2013 Bip sonoro: Ligado\/Desligado; \u2013 Aprimora constantemente seus procedimentos; \u2013 Monitora com alarmes de M\u00e1ximo e M\u00ednimo regul\u00e1veis; \u2013 Demonstra ao veterin\u00e1rio a curva de recupera\u00e7\u00e3o durante [&hellip;]<\/p>\n","protected":false},"featured_media":397,"comment_status":"open","ping_status":"closed","template":"","meta":{"_et_pb_use_builder":"","_et_pb_old_content":"","_et_gb_content_width":""},"product_brand":[],"product_cat":[24],"product_tag":[],"class_list":{"0":"post-396","1":"product","2":"type-product","3":"status-publish","4":"has-post-thumbnail","6":"product_cat-linha-veterinaria","8":"first","9":"instock","10":"taxable","11":"shipping-taxable","12":"purchasable","13":"product-type-simple"},"yoast_head":"<!-- This site is optimized with the Yoast SEO plugin v27.3 - https:\/\/yoast.com\/product\/yoast-seo-wordpress\/ -->\n<title>DL800 - TermoVet - Laser Shop<\/title>\n<meta name=\"robots\" content=\"index, follow, max-snippet:-1, max-image-preview:large, max-video-preview:-1\" \/>\n<link rel=\"canonical\" href=\"https:\/\/www.lasershop.com.br\/?product=dl800-termovet\" \/>\n<meta property=\"og:locale\" content=\"pt_BR\" \/>\n<meta property=\"og:type\" content=\"article\" \/>\n<meta property=\"og:title\" content=\"DL800 - TermoVet - Laser Shop\" \/>\n<meta property=\"og:description\" content=\"Equipamento Veterin\u00e1rio \u2013 Avalia o desempenho de diferentes medicamentos e tratamentos; \u2013 Alarmes sonoro e visual m\u00e1ximo e m\u00ednimo; \u2013 Registro gr\u00e1fico regul\u00e1vel de 1 at\u00e9 99 horas; \u2013 Bip sonoro: Ligado\/Desligado; \u2013 Aprimora constantemente seus procedimentos; \u2013 Monitora com alarmes de M\u00e1ximo e M\u00ednimo regul\u00e1veis; \u2013 Demonstra ao veterin\u00e1rio a curva de recupera\u00e7\u00e3o durante [&hellip;]\" \/>\n<meta property=\"og:url\" content=\"https:\/\/www.lasershop.com.br\/?product=dl800-termovet\" \/>\n<meta property=\"og:site_name\" content=\"Laser Shop\" \/>\n<meta property=\"article:publisher\" content=\"https:\/\/facebook.com\/codaxmedica\" \/>\n<meta property=\"article:modified_time\" content=\"2019-03-25T17:02:37+00:00\" \/>\n<meta property=\"og:image\" content=\"https:\/\/lasershop.com.br\/wp-content\/uploads\/2019\/03\/termovet-dl800-vet_2.jpg\" \/>\n\t<meta property=\"og:image:width\" content=\"1053\" \/>\n\t<meta property=\"og:image:height\" content=\"904\" \/>\n\t<meta property=\"og:image:type\" content=\"image\/jpeg\" \/>\n<meta name=\"twitter:card\" content=\"summary_large_image\" \/>\n<script type=\"application\/ld+json\" class=\"yoast-schema-graph\">{\"@context\":\"https:\\\/\\\/schema.org\",\"@graph\":[{\"@type\":\"WebPage\",\"@id\":\"https:\\\/\\\/www.lasershop.com.br\\\/?product=dl800-termovet\",\"url\":\"https:\\\/\\\/www.lasershop.com.br\\\/?product=dl800-termovet\",\"name\":\"DL800 - TermoVet - Laser Shop\",\"isPartOf\":{\"@id\":\"https:\\\/\\\/www.lasershop.com.br\\\/#website\"},\"primaryImageOfPage\":{\"@id\":\"https:\\\/\\\/www.lasershop.com.br\\\/?product=dl800-termovet#primaryimage\"},\"image\":{\"@id\":\"https:\\\/\\\/www.lasershop.com.br\\\/?product=dl800-termovet#primaryimage\"},\"thumbnailUrl\":\"https:\\\/\\\/lasershop.com.br\\\/wp-content\\\/uploads\\\/2019\\\/03\\\/termovet-dl800-vet_2.jpg\",\"datePublished\":\"2019-03-25T17:02:35+00:00\",\"dateModified\":\"2019-03-25T17:02:37+00:00\",\"breadcrumb\":{\"@id\":\"https:\\\/\\\/www.lasershop.com.br\\\/?product=dl800-termovet#breadcrumb\"},\"inLanguage\":\"pt-BR\",\"potentialAction\":[{\"@type\":\"ReadAction\",\"target\":[\"https:\\\/\\\/www.lasershop.com.br\\\/?product=dl800-termovet\"]}]},{\"@type\":\"ImageObject\",\"inLanguage\":\"pt-BR\",\"@id\":\"https:\\\/\\\/www.lasershop.com.br\\\/?product=dl800-termovet#primaryimage\",\"url\":\"https:\\\/\\\/lasershop.com.br\\\/wp-content\\\/uploads\\\/2019\\\/03\\\/termovet-dl800-vet_2.jpg\",\"contentUrl\":\"https:\\\/\\\/lasershop.com.br\\\/wp-content\\\/uploads\\\/2019\\\/03\\\/termovet-dl800-vet_2.jpg\",\"width\":1053,\"height\":904},{\"@type\":\"BreadcrumbList\",\"@id\":\"https:\\\/\\\/www.lasershop.com.br\\\/?product=dl800-termovet#breadcrumb\",\"itemListElement\":[{\"@type\":\"ListItem\",\"position\":1,\"name\":\"In\u00edcio\",\"item\":\"https:\\\/\\\/www.lasershop.com.br\\\/\"},{\"@type\":\"ListItem\",\"position\":2,\"name\":\"Home\",\"item\":\"https:\\\/\\\/www.lasershop.com.br\\\/?page_id=22\"},{\"@type\":\"ListItem\",\"position\":3,\"name\":\"DL800 &#8211; TermoVet\"}]},{\"@type\":\"WebSite\",\"@id\":\"https:\\\/\\\/www.lasershop.com.br\\\/#website\",\"url\":\"https:\\\/\\\/www.lasershop.com.br\\\/\",\"name\":\"Laser Shop\",\"description\":\"Aparelhos Eletrom\u00e9dicos pelo melhor pre\u00e7o!\",\"publisher\":{\"@id\":\"https:\\\/\\\/www.lasershop.com.br\\\/#organization\"},\"potentialAction\":[{\"@type\":\"SearchAction\",\"target\":{\"@type\":\"EntryPoint\",\"urlTemplate\":\"https:\\\/\\\/www.lasershop.com.br\\\/?s={search_term_string}\"},\"query-input\":{\"@type\":\"PropertyValueSpecification\",\"valueRequired\":true,\"valueName\":\"search_term_string\"}}],\"inLanguage\":\"pt-BR\"},{\"@type\":\"Organization\",\"@id\":\"https:\\\/\\\/www.lasershop.com.br\\\/#organization\",\"name\":\"Laser Shop\",\"url\":\"https:\\\/\\\/www.lasershop.com.br\\\/\",\"logo\":{\"@type\":\"ImageObject\",\"inLanguage\":\"pt-BR\",\"@id\":\"https:\\\/\\\/www.lasershop.com.br\\\/#\\\/schema\\\/logo\\\/image\\\/\",\"url\":\"https:\\\/\\\/lasershop.com.br\\\/wp-content\\\/uploads\\\/2025\\\/09\\\/LOGO_LASERSHOP-.png\",\"contentUrl\":\"https:\\\/\\\/lasershop.com.br\\\/wp-content\\\/uploads\\\/2025\\\/09\\\/LOGO_LASERSHOP-.png\",\"width\":612,\"height\":408,\"caption\":\"Laser Shop\"},\"image\":{\"@id\":\"https:\\\/\\\/www.lasershop.com.br\\\/#\\\/schema\\\/logo\\\/image\\\/\"},\"sameAs\":[\"https:\\\/\\\/facebook.com\\\/codaxmedica\",\"https:\\\/\\\/instagram.com\\\/codaxmedica\"]}]}<\/script>\n<!-- \/ Yoast SEO plugin. -->","yoast_head_json":{"title":"DL800 - TermoVet - Laser Shop","robots":{"index":"index","follow":"follow","max-snippet":"max-snippet:-1","max-image-preview":"max-image-preview:large","max-video-preview":"max-video-preview:-1"},"canonical":"https:\/\/www.lasershop.com.br\/?product=dl800-termovet","og_locale":"pt_BR","og_type":"article","og_title":"DL800 - TermoVet - Laser Shop","og_description":"Equipamento Veterin\u00e1rio \u2013 Avalia o desempenho de diferentes medicamentos e tratamentos; \u2013 Alarmes sonoro e visual m\u00e1ximo e m\u00ednimo; \u2013 Registro gr\u00e1fico regul\u00e1vel de 1 at\u00e9 99 horas; \u2013 Bip sonoro: Ligado\/Desligado; \u2013 Aprimora constantemente seus procedimentos; \u2013 Monitora com alarmes de M\u00e1ximo e M\u00ednimo regul\u00e1veis; \u2013 Demonstra ao veterin\u00e1rio a curva de recupera\u00e7\u00e3o durante [&hellip;]","og_url":"https:\/\/www.lasershop.com.br\/?product=dl800-termovet","og_site_name":"Laser Shop","article_publisher":"https:\/\/facebook.com\/codaxmedica","article_modified_time":"2019-03-25T17:02:37+00:00","og_image":[{"width":1053,"height":904,"url":"https:\/\/lasershop.com.br\/wp-content\/uploads\/2019\/03\/termovet-dl800-vet_2.jpg","type":"image\/jpeg"}],"twitter_card":"summary_large_image","schema":{"@context":"https:\/\/schema.org","@graph":[{"@type":"WebPage","@id":"https:\/\/www.lasershop.com.br\/?product=dl800-termovet","url":"https:\/\/www.lasershop.com.br\/?product=dl800-termovet","name":"DL800 - TermoVet - Laser Shop","isPartOf":{"@id":"https:\/\/www.lasershop.com.br\/#website"},"primaryImageOfPage":{"@id":"https:\/\/www.lasershop.com.br\/?product=dl800-termovet#primaryimage"},"image":{"@id":"https:\/\/www.lasershop.com.br\/?product=dl800-termovet#primaryimage"},"thumbnailUrl":"https:\/\/lasershop.com.br\/wp-content\/uploads\/2019\/03\/termovet-dl800-vet_2.jpg","datePublished":"2019-03-25T17:02:35+00:00","dateModified":"2019-03-25T17:02:37+00:00","breadcrumb":{"@id":"https:\/\/www.lasershop.com.br\/?product=dl800-termovet#breadcrumb"},"inLanguage":"pt-BR","potentialAction":[{"@type":"ReadAction","target":["https:\/\/www.lasershop.com.br\/?product=dl800-termovet"]}]},{"@type":"ImageObject","inLanguage":"pt-BR","@id":"https:\/\/www.lasershop.com.br\/?product=dl800-termovet#primaryimage","url":"https:\/\/lasershop.com.br\/wp-content\/uploads\/2019\/03\/termovet-dl800-vet_2.jpg","contentUrl":"https:\/\/lasershop.com.br\/wp-content\/uploads\/2019\/03\/termovet-dl800-vet_2.jpg","width":1053,"height":904},{"@type":"BreadcrumbList","@id":"https:\/\/www.lasershop.com.br\/?product=dl800-termovet#breadcrumb","itemListElement":[{"@type":"ListItem","position":1,"name":"In\u00edcio","item":"https:\/\/www.lasershop.com.br\/"},{"@type":"ListItem","position":2,"name":"Home","item":"https:\/\/www.lasershop.com.br\/?page_id=22"},{"@type":"ListItem","position":3,"name":"DL800 &#8211; TermoVet"}]},{"@type":"WebSite","@id":"https:\/\/www.lasershop.com.br\/#website","url":"https:\/\/www.lasershop.com.br\/","name":"Laser Shop","description":"Aparelhos Eletrom\u00e9dicos pelo melhor pre\u00e7o!","publisher":{"@id":"https:\/\/www.lasershop.com.br\/#organization"},"potentialAction":[{"@type":"SearchAction","target":{"@type":"EntryPoint","urlTemplate":"https:\/\/www.lasershop.com.br\/?s={search_term_string}"},"query-input":{"@type":"PropertyValueSpecification","valueRequired":true,"valueName":"search_term_string"}}],"inLanguage":"pt-BR"},{"@type":"Organization","@id":"https:\/\/www.lasershop.com.br\/#organization","name":"Laser Shop","url":"https:\/\/www.lasershop.com.br\/","logo":{"@type":"ImageObject","inLanguage":"pt-BR","@id":"https:\/\/www.lasershop.com.br\/#\/schema\/logo\/image\/","url":"https:\/\/lasershop.com.br\/wp-content\/uploads\/2025\/09\/LOGO_LASERSHOP-.png","contentUrl":"https:\/\/lasershop.com.br\/wp-content\/uploads\/2025\/09\/LOGO_LASERSHOP-.png","width":612,"height":408,"caption":"Laser Shop"},"image":{"@id":"https:\/\/www.lasershop.com.br\/#\/schema\/logo\/image\/"},"sameAs":["https:\/\/facebook.com\/codaxmedica","https:\/\/instagram.com\/codaxmedica"]}]}},"_links":{"self":[{"href":"https:\/\/www.lasershop.com.br\/index.php?rest_route=\/wp\/v2\/product\/396","targetHints":{"allow":["GET"]}}],"collection":[{"href":"https:\/\/www.lasershop.com.br\/index.php?rest_route=\/wp\/v2\/product"}],"about":[{"href":"https:\/\/www.lasershop.com.br\/index.php?rest_route=\/wp\/v2\/types\/product"}],"replies":[{"embeddable":true,"href":"https:\/\/www.lasershop.com.br\/index.php?rest_route=%2Fwp%2Fv2%2Fcomments&post=396"}],"wp:featuredmedia":[{"embeddable":true,"href":"https:\/\/www.lasershop.com.br\/index.php?rest_route=\/wp\/v2\/media\/397"}],"wp:attachment":[{"href":"https:\/\/www.lasershop.com.br\/index.php?rest_route=%2Fwp%2Fv2%2Fmedia&parent=396"}],"wp:term":[{"taxonomy":"product_brand","embeddable":true,"href":"https:\/\/www.lasershop.com.br\/index.php?rest_route=%2Fwp%2Fv2%2Fproduct_brand&post=396"},{"taxonomy":"product_cat","embeddable":true,"href":"https:\/\/www.lasershop.com.br\/index.php?rest_route=%2Fwp%2Fv2%2Fproduct_cat&post=396"},{"taxonomy":"product_tag","embeddable":true,"href":"https:\/\/www.lasershop.com.br\/index.php?rest_route=%2Fwp%2Fv2%2Fproduct_tag&post=396"}],"curies":[{"name":"wp","href":"https:\/\/api.w.org\/{rel}","templated":true}]}}