{"id":448,"date":"2019-03-25T18:47:33","date_gmt":"2019-03-25T18:47:33","guid":{"rendered":"https:\/\/lasershop.com.br\/?post_type=product&#038;p=448"},"modified":"2021-06-30T15:08:45","modified_gmt":"2021-06-30T15:08:45","slug":"cabo-de-conexao-para-cabos-de-distribuicao-codigo-cx18","status":"publish","type":"product","link":"https:\/\/www.lasershop.com.br\/?product=cabo-de-conexao-para-cabos-de-distribuicao-codigo-cx18","title":{"rendered":"Cabo de conex\u00e3o para cabos de distribui\u00e7\u00e3o: C\u00f3digo CX18"},"content":{"rendered":"<body><p>[et_pb_section fb_built=\u201d1\u2033 _builder_version=\u201d3.29.3\u2033 custom_padding=\u201d0px||||false|false\u201d fb_built=\u201d1\u2033 _i=\u201d0\u2033 _address=\u201d0\u2033][et_pb_row _builder_version=\u201d3.29.3\u2033 background_size=\u201dinitial\u201d background_position=\u201dtop_left\u201d background_repeat=\u201drepeat\u201d width=\u201d100%\u201d custom_padding=\u201d0px||0px||false|false\u201d _i=\u201d0\u2033 _address=\u201d0.0\u2033][et_pb_column type=\u201d4_4\u2033 _builder_version=\u201d3.29.3\u2033 custom_padding=\u201d|||\u201d _i=\u201d0\u2033 _address=\u201d0.0.0\u2033 custom_padding__hover=\u201d|||\u201d][et_pb_wc_breadcrumb _builder_version=\u201d3.29.3\u2033 _i=\u201d0\u2033 _address=\u201d0.0.0.0\u2033][\/et_pb_wc_breadcrumb][et_pb_wc_cart_notice _builder_version=\u201d3.29.3\u2033 custom_button=\u201don\u201d button_bg_color=\u201d#ffffff\u201d button_icon=\u201d%%3%%\u201d button_icon_color=\u201d#ffffff\u201d button_on_hover=\u201doff\u201d _i=\u201d1\u2033 _address=\u201d0.0.0.1\u2033 button_bg_enable_color=\u201don\u201d button_text_color__hover_enabled=\u201don|desktop\u201d button_text_color__hover=\u201d#ffffff\u201d button_icon_color__hover_enabled=\u201doff|desktop\u201d button_icon_color__hover=\u201d#ffffff\u201d][\/et_pb_wc_cart_notice][\/et_pb_column][\/et_pb_row][et_pb_row column_structure=\u201d1_2,1_2\u2033 _builder_version=\u201d3.25\u2033 background_size=\u201dinitial\u201d background_position=\u201dtop_left\u201d background_repeat=\u201drepeat\u201d width=\u201d100%\u201d custom_padding=\u201d0px||||false|false\u201d _i=\u201d1\u2033 _address=\u201d0.1\u2033][et_pb_column type=\u201d1_2\u2033 _builder_version=\u201d3.25\u2033 custom_padding=\u201d|||\u201d _i=\u201d0\u2033 _address=\u201d0.1.0\u2033 custom_padding__hover=\u201d|||\u201d][et_pb_wc_images _builder_version=\u201d3.0.47\u2033 _i=\u201d0\u2033 _address=\u201d0.1.0.0\u2033][\/et_pb_wc_images][\/et_pb_column][et_pb_column type=\u201d1_2\u2033 _builder_version=\u201d3.25\u2033 custom_padding=\u201d|||\u201d _i=\u201d1\u2033 _address=\u201d0.1.1\u2033 custom_padding__hover=\u201d|||\u201d][et_pb_wc_title _builder_version=\u201d3.0.47\u2033 _i=\u201d0\u2033 _address=\u201d0.1.1.0\u2033][\/et_pb_wc_title][et_pb_wc_rating _builder_version=\u201d3.0.47\u2033 _i=\u201d1\u2033 _address=\u201d0.1.1.1\u2033][\/et_pb_wc_rating][et_pb_wc_price _builder_version=\u201d3.0.47\u2033 _i=\u201d2\u2033 _address=\u201d0.1.1.2\u2033][\/et_pb_wc_price][et_pb_wc_description _builder_version=\u201d3.0.47\u2033 _i=\u201d3\u2033 _address=\u201d0.1.1.3\u2033][\/et_pb_wc_description][et_pb_wc_add_to_cart _builder_version=\u201d3.29.3\u2033 custom_button=\u201don\u201d button_text_color=\u201d#ffffff\u201d button_bg_color=\u201d#007574\u2033 button_icon=\u201d%%3%%\u201d button_icon_color=\u201d#ffffff\u201d form_field_text_align=\u201dcenter\u201d form_field_background_color=\u201d#cccccc\u201d _i=\u201d4\u2033 _address=\u201d0.1.1.4\u2033 button_bg_enable_color=\u201don\u201d button_bg_color__hover_enabled=\u201don|hover\u201d][\/et_pb_wc_add_to_cart][et_pb_wc_meta _builder_version=\u201d3.0.47\u2033 _i=\u201d5\u2033 _address=\u201d0.1.1.5\u2033][\/et_pb_wc_meta][\/et_pb_column][\/et_pb_row][et_pb_row _builder_version=\u201d3.25\u2033 background_size=\u201dinitial\u201d background_position=\u201dtop_left\u201d background_repeat=\u201drepeat\u201d width=\u201d100%\u201d _i=\u201d2\u2033 _address=\u201d0.2\u2033][et_pb_column type=\u201d4_4\u2033 _builder_version=\u201d3.25\u2033 custom_padding=\u201d|||\u201d _i=\u201d0\u2033 _address=\u201d0.2.0\u2033 custom_padding__hover=\u201d|||\u201d][et_pb_wc_tabs _builder_version=\u201d3.29.3\u2033 hover_enabled=\u201d0\u2033 _i=\u201d0\u2033 _address=\u201d0.2.0.0\u2033]\t\t\t\t\t[\/et_pb_wc_tabs][et_pb_wc_upsells columns_number=\u201d3\u2033 _builder_version=\u201d3.0.47\u2033 _i=\u201d1\u2033 _address=\u201d0.2.0.1\u2033][\/et_pb_wc_upsells][et_pb_wc_related_products columns_number=\u201d3\u2033 _builder_version=\u201d3.0.47\u2033 _i=\u201d2\u2033 _address=\u201d0.2.0.2\u2033][\/et_pb_wc_related_products][\/et_pb_column][\/et_pb_row][\/et_pb_section]<\/p>\n<\/body>","protected":false},"excerpt":{"rendered":"","protected":false},"featured_media":449,"comment_status":"open","ping_status":"closed","template":"","meta":{"_et_pb_use_builder":"on","_et_pb_old_content":"","_et_gb_content_width":""},"product_brand":[],"product_cat":[20],"product_tag":[],"class_list":{"0":"post-448","1":"product","2":"type-product","3":"status-publish","4":"has-post-thumbnail","6":"product_cat-eletroestimulacao","8":"first","9":"instock","10":"taxable","11":"shipping-taxable","12":"purchasable","13":"product-type-simple"},"yoast_head":"<!-- This site is optimized with the Yoast SEO plugin v27.3 - https:\/\/yoast.com\/product\/yoast-seo-wordpress\/ -->\n<title>Cabo de conex\u00e3o para cabos de distribui\u00e7\u00e3o: C\u00f3digo CX18 - Laser Shop<\/title>\n<meta name=\"robots\" content=\"index, follow, max-snippet:-1, max-image-preview:large, max-video-preview:-1\" \/>\n<link rel=\"canonical\" href=\"https:\/\/www.lasershop.com.br\/?product=cabo-de-conexao-para-cabos-de-distribuicao-codigo-cx18\" \/>\n<meta property=\"og:locale\" content=\"pt_BR\" \/>\n<meta property=\"og:type\" content=\"article\" \/>\n<meta property=\"og:title\" content=\"Cabo de conex\u00e3o para cabos de distribui\u00e7\u00e3o: C\u00f3digo CX18 - Laser Shop\" \/>\n<meta property=\"og:url\" content=\"https:\/\/www.lasershop.com.br\/?product=cabo-de-conexao-para-cabos-de-distribuicao-codigo-cx18\" \/>\n<meta property=\"og:site_name\" content=\"Laser Shop\" \/>\n<meta property=\"article:publisher\" content=\"https:\/\/facebook.com\/codaxmedica\" \/>\n<meta property=\"article:modified_time\" content=\"2021-06-30T15:08:45+00:00\" \/>\n<meta property=\"og:image\" content=\"https:\/\/lasershop.com.br\/wp-content\/uploads\/2019\/03\/cabocx182.png\" \/>\n\t<meta property=\"og:image:width\" content=\"900\" \/>\n\t<meta property=\"og:image:height\" content=\"711\" \/>\n\t<meta property=\"og:image:type\" content=\"image\/png\" \/>\n<meta name=\"twitter:card\" content=\"summary_large_image\" \/>\n<meta name=\"twitter:label1\" content=\"Est. tempo de leitura\" \/>\n\t<meta name=\"twitter:data1\" content=\"2 minutos\" \/>\n<script type=\"application\/ld+json\" class=\"yoast-schema-graph\">{\"@context\":\"https:\\\/\\\/schema.org\",\"@graph\":[{\"@type\":\"WebPage\",\"@id\":\"https:\\\/\\\/www.lasershop.com.br\\\/?product=cabo-de-conexao-para-cabos-de-distribuicao-codigo-cx18\",\"url\":\"https:\\\/\\\/www.lasershop.com.br\\\/?product=cabo-de-conexao-para-cabos-de-distribuicao-codigo-cx18\",\"name\":\"Cabo de conex\u00e3o para cabos de distribui\u00e7\u00e3o: C\u00f3digo CX18 - Laser Shop\",\"isPartOf\":{\"@id\":\"https:\\\/\\\/www.lasershop.com.br\\\/#website\"},\"primaryImageOfPage\":{\"@id\":\"https:\\\/\\\/www.lasershop.com.br\\\/?product=cabo-de-conexao-para-cabos-de-distribuicao-codigo-cx18#primaryimage\"},\"image\":{\"@id\":\"https:\\\/\\\/www.lasershop.com.br\\\/?product=cabo-de-conexao-para-cabos-de-distribuicao-codigo-cx18#primaryimage\"},\"thumbnailUrl\":\"https:\\\/\\\/lasershop.com.br\\\/wp-content\\\/uploads\\\/2019\\\/03\\\/cabocx182.png\",\"datePublished\":\"2019-03-25T18:47:33+00:00\",\"dateModified\":\"2021-06-30T15:08:45+00:00\",\"breadcrumb\":{\"@id\":\"https:\\\/\\\/www.lasershop.com.br\\\/?product=cabo-de-conexao-para-cabos-de-distribuicao-codigo-cx18#breadcrumb\"},\"inLanguage\":\"pt-BR\",\"potentialAction\":[{\"@type\":\"ReadAction\",\"target\":[\"https:\\\/\\\/www.lasershop.com.br\\\/?product=cabo-de-conexao-para-cabos-de-distribuicao-codigo-cx18\"]}]},{\"@type\":\"ImageObject\",\"inLanguage\":\"pt-BR\",\"@id\":\"https:\\\/\\\/www.lasershop.com.br\\\/?product=cabo-de-conexao-para-cabos-de-distribuicao-codigo-cx18#primaryimage\",\"url\":\"https:\\\/\\\/lasershop.com.br\\\/wp-content\\\/uploads\\\/2019\\\/03\\\/cabocx182.png\",\"contentUrl\":\"https:\\\/\\\/lasershop.com.br\\\/wp-content\\\/uploads\\\/2019\\\/03\\\/cabocx182.png\",\"width\":900,\"height\":711},{\"@type\":\"BreadcrumbList\",\"@id\":\"https:\\\/\\\/www.lasershop.com.br\\\/?product=cabo-de-conexao-para-cabos-de-distribuicao-codigo-cx18#breadcrumb\",\"itemListElement\":[{\"@type\":\"ListItem\",\"position\":1,\"name\":\"In\u00edcio\",\"item\":\"https:\\\/\\\/www.lasershop.com.br\\\/\"},{\"@type\":\"ListItem\",\"position\":2,\"name\":\"Home\",\"item\":\"https:\\\/\\\/www.lasershop.com.br\\\/?page_id=22\"},{\"@type\":\"ListItem\",\"position\":3,\"name\":\"Cabo de conex\u00e3o para cabos de distribui\u00e7\u00e3o: C\u00f3digo CX18\"}]},{\"@type\":\"WebSite\",\"@id\":\"https:\\\/\\\/www.lasershop.com.br\\\/#website\",\"url\":\"https:\\\/\\\/www.lasershop.com.br\\\/\",\"name\":\"Laser Shop\",\"description\":\"Aparelhos Eletrom\u00e9dicos pelo melhor pre\u00e7o!\",\"publisher\":{\"@id\":\"https:\\\/\\\/www.lasershop.com.br\\\/#organization\"},\"potentialAction\":[{\"@type\":\"SearchAction\",\"target\":{\"@type\":\"EntryPoint\",\"urlTemplate\":\"https:\\\/\\\/www.lasershop.com.br\\\/?s={search_term_string}\"},\"query-input\":{\"@type\":\"PropertyValueSpecification\",\"valueRequired\":true,\"valueName\":\"search_term_string\"}}],\"inLanguage\":\"pt-BR\"},{\"@type\":\"Organization\",\"@id\":\"https:\\\/\\\/www.lasershop.com.br\\\/#organization\",\"name\":\"Laser Shop\",\"url\":\"https:\\\/\\\/www.lasershop.com.br\\\/\",\"logo\":{\"@type\":\"ImageObject\",\"inLanguage\":\"pt-BR\",\"@id\":\"https:\\\/\\\/www.lasershop.com.br\\\/#\\\/schema\\\/logo\\\/image\\\/\",\"url\":\"https:\\\/\\\/lasershop.com.br\\\/wp-content\\\/uploads\\\/2025\\\/09\\\/LOGO_LASERSHOP-.png\",\"contentUrl\":\"https:\\\/\\\/lasershop.com.br\\\/wp-content\\\/uploads\\\/2025\\\/09\\\/LOGO_LASERSHOP-.png\",\"width\":612,\"height\":408,\"caption\":\"Laser Shop\"},\"image\":{\"@id\":\"https:\\\/\\\/www.lasershop.com.br\\\/#\\\/schema\\\/logo\\\/image\\\/\"},\"sameAs\":[\"https:\\\/\\\/facebook.com\\\/codaxmedica\",\"https:\\\/\\\/instagram.com\\\/codaxmedica\"]}]}<\/script>\n<!-- \/ Yoast SEO plugin. -->","yoast_head_json":{"title":"Cabo de conex\u00e3o para cabos de distribui\u00e7\u00e3o: C\u00f3digo CX18 - Laser Shop","robots":{"index":"index","follow":"follow","max-snippet":"max-snippet:-1","max-image-preview":"max-image-preview:large","max-video-preview":"max-video-preview:-1"},"canonical":"https:\/\/www.lasershop.com.br\/?product=cabo-de-conexao-para-cabos-de-distribuicao-codigo-cx18","og_locale":"pt_BR","og_type":"article","og_title":"Cabo de conex\u00e3o para cabos de distribui\u00e7\u00e3o: C\u00f3digo CX18 - Laser Shop","og_url":"https:\/\/www.lasershop.com.br\/?product=cabo-de-conexao-para-cabos-de-distribuicao-codigo-cx18","og_site_name":"Laser Shop","article_publisher":"https:\/\/facebook.com\/codaxmedica","article_modified_time":"2021-06-30T15:08:45+00:00","og_image":[{"width":900,"height":711,"url":"https:\/\/lasershop.com.br\/wp-content\/uploads\/2019\/03\/cabocx182.png","type":"image\/png"}],"twitter_card":"summary_large_image","twitter_misc":{"Est. tempo de leitura":"2 minutos"},"schema":{"@context":"https:\/\/schema.org","@graph":[{"@type":"WebPage","@id":"https:\/\/www.lasershop.com.br\/?product=cabo-de-conexao-para-cabos-de-distribuicao-codigo-cx18","url":"https:\/\/www.lasershop.com.br\/?product=cabo-de-conexao-para-cabos-de-distribuicao-codigo-cx18","name":"Cabo de conex\u00e3o para cabos de distribui\u00e7\u00e3o: C\u00f3digo CX18 - Laser Shop","isPartOf":{"@id":"https:\/\/www.lasershop.com.br\/#website"},"primaryImageOfPage":{"@id":"https:\/\/www.lasershop.com.br\/?product=cabo-de-conexao-para-cabos-de-distribuicao-codigo-cx18#primaryimage"},"image":{"@id":"https:\/\/www.lasershop.com.br\/?product=cabo-de-conexao-para-cabos-de-distribuicao-codigo-cx18#primaryimage"},"thumbnailUrl":"https:\/\/lasershop.com.br\/wp-content\/uploads\/2019\/03\/cabocx182.png","datePublished":"2019-03-25T18:47:33+00:00","dateModified":"2021-06-30T15:08:45+00:00","breadcrumb":{"@id":"https:\/\/www.lasershop.com.br\/?product=cabo-de-conexao-para-cabos-de-distribuicao-codigo-cx18#breadcrumb"},"inLanguage":"pt-BR","potentialAction":[{"@type":"ReadAction","target":["https:\/\/www.lasershop.com.br\/?product=cabo-de-conexao-para-cabos-de-distribuicao-codigo-cx18"]}]},{"@type":"ImageObject","inLanguage":"pt-BR","@id":"https:\/\/www.lasershop.com.br\/?product=cabo-de-conexao-para-cabos-de-distribuicao-codigo-cx18#primaryimage","url":"https:\/\/lasershop.com.br\/wp-content\/uploads\/2019\/03\/cabocx182.png","contentUrl":"https:\/\/lasershop.com.br\/wp-content\/uploads\/2019\/03\/cabocx182.png","width":900,"height":711},{"@type":"BreadcrumbList","@id":"https:\/\/www.lasershop.com.br\/?product=cabo-de-conexao-para-cabos-de-distribuicao-codigo-cx18#breadcrumb","itemListElement":[{"@type":"ListItem","position":1,"name":"In\u00edcio","item":"https:\/\/www.lasershop.com.br\/"},{"@type":"ListItem","position":2,"name":"Home","item":"https:\/\/www.lasershop.com.br\/?page_id=22"},{"@type":"ListItem","position":3,"name":"Cabo de conex\u00e3o para cabos de distribui\u00e7\u00e3o: C\u00f3digo CX18"}]},{"@type":"WebSite","@id":"https:\/\/www.lasershop.com.br\/#website","url":"https:\/\/www.lasershop.com.br\/","name":"Laser Shop","description":"Aparelhos Eletrom\u00e9dicos pelo melhor pre\u00e7o!","publisher":{"@id":"https:\/\/www.lasershop.com.br\/#organization"},"potentialAction":[{"@type":"SearchAction","target":{"@type":"EntryPoint","urlTemplate":"https:\/\/www.lasershop.com.br\/?s={search_term_string}"},"query-input":{"@type":"PropertyValueSpecification","valueRequired":true,"valueName":"search_term_string"}}],"inLanguage":"pt-BR"},{"@type":"Organization","@id":"https:\/\/www.lasershop.com.br\/#organization","name":"Laser Shop","url":"https:\/\/www.lasershop.com.br\/","logo":{"@type":"ImageObject","inLanguage":"pt-BR","@id":"https:\/\/www.lasershop.com.br\/#\/schema\/logo\/image\/","url":"https:\/\/lasershop.com.br\/wp-content\/uploads\/2025\/09\/LOGO_LASERSHOP-.png","contentUrl":"https:\/\/lasershop.com.br\/wp-content\/uploads\/2025\/09\/LOGO_LASERSHOP-.png","width":612,"height":408,"caption":"Laser Shop"},"image":{"@id":"https:\/\/www.lasershop.com.br\/#\/schema\/logo\/image\/"},"sameAs":["https:\/\/facebook.com\/codaxmedica","https:\/\/instagram.com\/codaxmedica"]}]}},"_links":{"self":[{"href":"https:\/\/www.lasershop.com.br\/index.php?rest_route=\/wp\/v2\/product\/448","targetHints":{"allow":["GET"]}}],"collection":[{"href":"https:\/\/www.lasershop.com.br\/index.php?rest_route=\/wp\/v2\/product"}],"about":[{"href":"https:\/\/www.lasershop.com.br\/index.php?rest_route=\/wp\/v2\/types\/product"}],"replies":[{"embeddable":true,"href":"https:\/\/www.lasershop.com.br\/index.php?rest_route=%2Fwp%2Fv2%2Fcomments&post=448"}],"wp:featuredmedia":[{"embeddable":true,"href":"https:\/\/www.lasershop.com.br\/index.php?rest_route=\/wp\/v2\/media\/449"}],"wp:attachment":[{"href":"https:\/\/www.lasershop.com.br\/index.php?rest_route=%2Fwp%2Fv2%2Fmedia&parent=448"}],"wp:term":[{"taxonomy":"product_brand","embeddable":true,"href":"https:\/\/www.lasershop.com.br\/index.php?rest_route=%2Fwp%2Fv2%2Fproduct_brand&post=448"},{"taxonomy":"product_cat","embeddable":true,"href":"https:\/\/www.lasershop.com.br\/index.php?rest_route=%2Fwp%2Fv2%2Fproduct_cat&post=448"},{"taxonomy":"product_tag","embeddable":true,"href":"https:\/\/www.lasershop.com.br\/index.php?rest_route=%2Fwp%2Fv2%2Fproduct_tag&post=448"}],"curies":[{"name":"wp","href":"https:\/\/api.w.org\/{rel}","templated":true}]}}